{"id":9273,"date":"2022-03-18T07:47:23","date_gmt":"2022-03-18T07:47:23","guid":{"rendered":"https:\/\/dunavarsany.hu\/?page_id=9273"},"modified":"2022-04-01T14:25:34","modified_gmt":"2022-04-01T14:25:34","slug":"orszaggyulesi-valasztas-2022","status":"publish","type":"page","link":"https:\/\/dunavarsany.hu\/index.php\/orszaggyulesi-valasztas-2022\/","title":{"rendered":"ORSZ\u00c1GGY\u0170L\u00c9SI V\u00c1LASZT\u00c1S 2022"},"content":{"rendered":"<p><strong>Helyi V\u00e1laszt\u00e1si Iroda el\u00e9rhet\u0151s\u00e9gei<img loading=\"lazy\" decoding=\"async\" class=\"wp-image-9013 alignleft\" src=\"https:\/\/dunavarsany.hu\/wp-content\/uploads\/2022\/01\/hirdetmeny-212x297-1-214x300.jpg\" alt=\"\" width=\"205\" height=\"287\" srcset=\"https:\/\/dunavarsany.hu\/wp-content\/uploads\/2022\/01\/hirdetmeny-212x297-1-214x300.jpg 214w, https:\/\/dunavarsany.hu\/wp-content\/uploads\/2022\/01\/hirdetmeny-212x297-1-732x1024.jpg 732w, https:\/\/dunavarsany.hu\/wp-content\/uploads\/2022\/01\/hirdetmeny-212x297-1-768x1075.jpg 768w, https:\/\/dunavarsany.hu\/wp-content\/uploads\/2022\/01\/hirdetmeny-212x297-1-1097x1536.jpg 1097w, https:\/\/dunavarsany.hu\/wp-content\/uploads\/2022\/01\/hirdetmeny-212x297-1-1463x2048.jpg 1463w, https:\/\/dunavarsany.hu\/wp-content\/uploads\/2022\/01\/hirdetmeny-212x297-1-scaled.jpg 1829w\" sizes=\"auto, (max-width: 205px) 100vw, 205px\" \/><\/strong><\/p>\n<p><strong>HVI Vezet\u0151:<\/strong> dr. Szil\u00e1gyi \u00c1kos Andor jegyz\u0151<br \/>\n<strong>C\u00edm:<\/strong> 2336 Dunavars\u00e1ny, Kossuth Lajos u. 18.<br \/>\nTel.: 06 24-521-040<br \/>\nFax.: 06 24-521-056<\/p>\n<p>email: <a href=\"mailto:titkarsag@dunavarsany.hu\">titkarsag@dunavarsany.hu<\/a><\/p>\n<p><strong>\u00dcgyf\u00e9lfogad\u00e1si id\u0151:<\/strong><br \/>\nH\u00e9tf\u0151: 13.00-17.00<br \/>\nSzerda: 8.00-12.00 13.00-16.00<br \/>\nP\u00e9ntek: 8.00-12.00<\/p>\n<hr \/>\n<p><strong>Dunavars\u00e1nyi szavaz\u00f3k\u00f6r\u00f6k \u00e9s a k\u00f6rzetek r\u00e9szletes c\u00edmlist\u00e1ja:<\/strong><\/p>\n<p><a href=\"https:\/\/dunavarsany.hu\/wp-content\/uploads\/2022\/03\/1.-korzet.pdf\">1. k\u00f6rzet &#8211; Hal\u00e1sz Lajosn\u00e9 utca 3. (Zeneiskola)<\/a><\/p>\n<p><a href=\"https:\/\/dunavarsany.hu\/wp-content\/uploads\/2022\/03\/2.-korzet.pdf\">2. k\u00f6rzet &#8211; Pet\u0151fi t\u00e9r 1. (M\u0171vel\u0151d\u00e9si H\u00e1z)<\/a><\/p>\n<p><a href=\"https:\/\/dunavarsany.hu\/wp-content\/uploads\/2022\/03\/3.-korzet.pdf\">3. k\u00f6rzet &#8211; Habitat utca 10-12. (K\u00f6z\u00f6ss\u00e9gi H\u00e1z)<\/a><\/p>\n<p><a href=\"https:\/\/dunavarsany.hu\/wp-content\/uploads\/2022\/03\/4.-korzet.pdf\">4. k\u00f6rzet &#8211; \u00c1rp\u00e1d utca 12. (\u00c1ltal\u00e1nos Iskola)<\/a><\/p>\n<p><a href=\"https:\/\/dunavarsany.hu\/wp-content\/uploads\/2022\/03\/5.-korzet.pdf\">5. k\u00f6rzet &#8211; B\u00e9ke utca 16. (Pet\u0151fi Klub)<\/a><\/p>\n<p><a href=\"https:\/\/dunavarsany.hu\/wp-content\/uploads\/2022\/03\/6.-korzet.pdf\">6. k\u00f6rzet &#8211; \u00c1rp\u00e1d utca 13. (Gyermekj\u00f3l\u00e9ti Szolg\u00e1lat)<\/a><\/p>\n<hr \/>\n<p><strong>Orsz\u00e1ggy\u0171l\u00e9si v\u00e1laszt\u00e1shoz (2022. \u00e1prilis 3.) kapcsol\u00f3d\u00f3 inform\u00e1ci\u00f3k<\/strong>:<\/p>\n<ul>\n<li><a href=\"https:\/\/www.valasztas.hu\/hol-es-hogyan-szavazhatok-\">Hol \u00e9s hogyan szavazhat?<\/a><\/li>\n<li><a href=\"https:\/\/vtr.valasztas.hu\/ogy2022\">Orsz\u00e1ggy\u0171l\u00e9si v\u00e1laszt\u00e1shoz kapcsol\u00f3d\u00f3 \u00e1ltal\u00e1nos inform\u00e1ci\u00f3k<\/a><\/li>\n<li><a href=\"https:\/\/www.valasztas.hu\/ugyintezes\">Orsz\u00e1ggy\u0171l\u00e9si v\u00e1laszt\u00e1shoz kapcsol\u00f3d\u00f3 \u00fcgyint\u00e9z\u00e9s v\u00e1laszt\u00f3polg\u00e1roknak (hogyan szavazhatok \u00e1tjelentkez\u00e9ssel; hogyan szavazhatok mozg\u00f3urn\u00e1val; hogyan szavazhatok k\u00fclk\u00e9pviseleten; hogyan szavazhatok lev\u00e9lben)<\/a><\/li>\n<li><a href=\"https:\/\/www.valasztas.hu\/informaciok-jelolo-szervezeteknek\">Orsz\u00e1ggy\u0171l\u00e9si v\u00e1laszt\u00e1shoz kapcsol\u00f3d\u00f3 \u00fcgyint\u00e9z\u00e9s \u00a0jel\u00f6lteknek, jel\u00f6l\u0151 szervezeteknek<\/a><\/li>\n<li><a href=\"https:\/\/vtr.valasztas.hu\/ogy2022\/valasztasi-informaciok\/hataridok?tab=1\">Hat\u00e1rid\u0151k, hat\u00e1rnapok<\/a><\/li>\n<\/ul>\n<p><strong>Orsz\u00e1gos n\u00e9pszavaz\u00e1shoz (2022. \u00e1prilis 3.) kapcsol\u00f3d\u00f3 inform\u00e1ci\u00f3k<\/strong>:\u00a0<a href=\"https:\/\/vtr.valasztas.hu\/nepszavazas2022\">vtr.valasztas.hu<\/a><\/p>\n<hr \/>\n<p><a href=\"https:\/\/dunavarsany.hu\/wp-content\/uploads\/2022\/03\/1435_a-szavazas-menete.pdf\"><img loading=\"lazy\" decoding=\"async\" class=\"alignleft wp-image-9279\" src=\"https:\/\/dunavarsany.hu\/wp-content\/uploads\/2022\/03\/0-214x300.jpg\" alt=\"\" width=\"306\" height=\"429\" srcset=\"https:\/\/dunavarsany.hu\/wp-content\/uploads\/2022\/03\/0-214x300.jpg 214w, https:\/\/dunavarsany.hu\/wp-content\/uploads\/2022\/03\/0-731x1024.jpg 731w, https:\/\/dunavarsany.hu\/wp-content\/uploads\/2022\/03\/0-768x1075.jpg 768w, https:\/\/dunavarsany.hu\/wp-content\/uploads\/2022\/03\/0-1097x1536.jpg 1097w, https:\/\/dunavarsany.hu\/wp-content\/uploads\/2022\/03\/0-1463x2048.jpg 1463w, https:\/\/dunavarsany.hu\/wp-content\/uploads\/2022\/03\/0-scaled.jpg 1828w\" sizes=\"auto, (max-width: 306px) 100vw, 306px\" \/><\/a><a href=\"https:\/\/dunavarsany.hu\/wp-content\/uploads\/2022\/03\/1434_igy-nez-ki-az-ervenye-szavazat.pdf\"><img loading=\"lazy\" decoding=\"async\" class=\"alignright wp-image-9280\" src=\"https:\/\/dunavarsany.hu\/wp-content\/uploads\/2022\/03\/1-214x300.jpg\" alt=\"\" width=\"306\" height=\"429\" srcset=\"https:\/\/dunavarsany.hu\/wp-content\/uploads\/2022\/03\/1-214x300.jpg 214w, https:\/\/dunavarsany.hu\/wp-content\/uploads\/2022\/03\/1-731x1024.jpg 731w, https:\/\/dunavarsany.hu\/wp-content\/uploads\/2022\/03\/1-768x1075.jpg 768w, https:\/\/dunavarsany.hu\/wp-content\/uploads\/2022\/03\/1-1097x1536.jpg 1097w, https:\/\/dunavarsany.hu\/wp-content\/uploads\/2022\/03\/1-1463x2048.jpg 1463w, https:\/\/dunavarsany.hu\/wp-content\/uploads\/2022\/03\/1-scaled.jpg 1828w\" sizes=\"auto, (max-width: 306px) 100vw, 306px\" \/><\/a><\/p>\n","protected":false},"excerpt":{"rendered":"<div class=\"mh-excerpt\"><p>Helyi V\u00e1laszt\u00e1si Iroda el\u00e9rhet\u0151s\u00e9gei HVI Vezet\u0151: dr. Szil\u00e1gyi \u00c1kos Andor jegyz\u0151 C\u00edm: 2336 Dunavars\u00e1ny, Kossuth Lajos u. 18. Tel.: 06 24-521-040 Fax.: 06 24-521-056 email: titkarsag@dunavarsany.hu \u00dcgyf\u00e9lfogad\u00e1si id\u0151: H\u00e9tf\u0151: 13.00-17.00 Szerda: 8.00-12.00 13.00-16.00 P\u00e9ntek: 8.00-12.00 <a class=\"mh-excerpt-more\" href=\"https:\/\/dunavarsany.hu\/index.php\/orszaggyulesi-valasztas-2022\/\" title=\"ORSZ\u00c1GGY\u0170L\u00c9SI V\u00c1LASZT\u00c1S 2022\">[&#8230;]<\/a><\/p>\n<\/div>","protected":false},"author":3,"featured_media":9274,"parent":0,"menu_order":0,"comment_status":"closed","ping_status":"closed","template":"","meta":{"footnotes":""},"class_list":["post-9273","page","type-page","status-publish","has-post-thumbnail"],"_links":{"self":[{"href":"https:\/\/dunavarsany.hu\/index.php\/wp-json\/wp\/v2\/pages\/9273","targetHints":{"allow":["GET"]}}],"collection":[{"href":"https:\/\/dunavarsany.hu\/index.php\/wp-json\/wp\/v2\/pages"}],"about":[{"href":"https:\/\/dunavarsany.hu\/index.php\/wp-json\/wp\/v2\/types\/page"}],"author":[{"embeddable":true,"href":"https:\/\/dunavarsany.hu\/index.php\/wp-json\/wp\/v2\/users\/3"}],"replies":[{"embeddable":true,"href":"https:\/\/dunavarsany.hu\/index.php\/wp-json\/wp\/v2\/comments?post=9273"}],"version-history":[{"count":11,"href":"https:\/\/dunavarsany.hu\/index.php\/wp-json\/wp\/v2\/pages\/9273\/revisions"}],"predecessor-version":[{"id":9338,"href":"https:\/\/dunavarsany.hu\/index.php\/wp-json\/wp\/v2\/pages\/9273\/revisions\/9338"}],"wp:featuredmedia":[{"embeddable":true,"href":"https:\/\/dunavarsany.hu\/index.php\/wp-json\/wp\/v2\/media\/9274"}],"wp:attachment":[{"href":"https:\/\/dunavarsany.hu\/index.php\/wp-json\/wp\/v2\/media?parent=9273"}],"curies":[{"name":"wp","href":"https:\/\/api.w.org\/{rel}","templated":true}]}}

ORSZÁGGYŰLÉSI VÁLASZTÁS 2022

<p><strong>Helyi Választási Iroda elérhetőségei<img loading="lazy" decoding="async" class="wp-image-9013 alignleft" src="https://dunavarsany.hu/wp-content/uploads/2022/01/hirdetmeny-212x297-1-214x300.jpg" alt="" width="205" height="287" srcset="https://dunavarsany.hu/wp-content/uploads/2022/01/hirdetmeny-212x297-1-214x300.jpg 214w, https://dunavarsany.hu/wp-content/uploads/2022/01/hirdetmeny-212x297-1-732x1024.jpg 732w, https://dunavarsany.hu/wp-content/uploads/2022/01/hirdetmeny-212x297-1-768x1075.jpg 768w, https://dunavarsany.hu/wp-content/uploads/2022/01/hirdetmeny-212x297-1-1097x1536.jpg 1097w, https://dunavarsany.hu/wp-content/uploads/2022/01/hirdetmeny-212x297-1-1463x2048.jpg 1463w, https://dunavarsany.hu/wp-content/uploads/2022/01/hirdetmeny-212x297-1-scaled.jpg 1829w" sizes="auto, (max-width: 205px) 100vw, 205px" /></strong></p>
<p><strong>HVI Vezető:</strong> dr. Szilágyi Ákos Andor jegyző<br />
<strong>Cím:</strong> 2336 Dunavarsány, Kossuth Lajos u. 18.<br />
Tel.: 06 24-521-040<br />
Fax.: 06 24-521-056</p>
<p>email: <a href="mailto:titkarsag@dunavarsany.hu">titkarsag@dunavarsany.hu</a></p>
<p><strong>Ügyfélfogadási idő:</strong><br />
Hétfő: 13.00-17.00<br />
Szerda: 8.00-12.00 13.00-16.00<br />
Péntek: 8.00-12.00</p>
<hr />
<p><strong>Dunavarsányi szavazókörök és a körzetek részletes címlistája:</strong></p>
<p><a href="https://dunavarsany.hu/wp-content/uploads/2022/03/1.-korzet.pdf">1. körzet &#8211; Halász Lajosné utca 3. (Zeneiskola)</a></p>
<p><a href="https://dunavarsany.hu/wp-content/uploads/2022/03/2.-korzet.pdf">2. körzet &#8211; Petőfi tér 1. (Művelődési Ház)</a></p>
<p><a href="https://dunavarsany.hu/wp-content/uploads/2022/03/3.-korzet.pdf">3. körzet &#8211; Habitat utca 10-12. (Közösségi Ház)</a></p>
<p><a href="https://dunavarsany.hu/wp-content/uploads/2022/03/4.-korzet.pdf">4. körzet &#8211; Árpád utca 12. (Általános Iskola)</a></p>
<p><a href="https://dunavarsany.hu/wp-content/uploads/2022/03/5.-korzet.pdf">5. körzet &#8211; Béke utca 16. (Petőfi Klub)</a></p>
<p><a href="https://dunavarsany.hu/wp-content/uploads/2022/03/6.-korzet.pdf">6. körzet &#8211; Árpád utca 13. (Gyermekjóléti Szolgálat)</a></p>
<hr />
<p><strong>Országgyűlési választáshoz (2022. április 3.) kapcsolódó információk</strong>:</p>
<ul>
<li><a href="https://www.valasztas.hu/hol-es-hogyan-szavazhatok-">Hol és hogyan szavazhat?</a></li>
<li><a href="https://vtr.valasztas.hu/ogy2022">Országgyűlési választáshoz kapcsolódó általános információk</a></li>
<li><a href="https://www.valasztas.hu/ugyintezes">Országgyűlési választáshoz kapcsolódó ügyintézés választópolgároknak (hogyan szavazhatok átjelentkezéssel; hogyan szavazhatok mozgóurnával; hogyan szavazhatok külképviseleten; hogyan szavazhatok levélben)</a></li>
<li><a href="https://www.valasztas.hu/informaciok-jelolo-szervezeteknek">Országgyűlési választáshoz kapcsolódó ügyintézés  jelölteknek, jelölő szervezeteknek</a></li>
<li><a href="https://vtr.valasztas.hu/ogy2022/valasztasi-informaciok/hataridok?tab=1">Határidők, határnapok</a></li>
</ul>
<p><strong>Országos népszavazáshoz (2022. április 3.) kapcsolódó információk</strong>: <a href="https://vtr.valasztas.hu/nepszavazas2022">vtr.valasztas.hu</a></p>
<hr />
<p><a href="https://dunavarsany.hu/wp-content/uploads/2022/03/1435_a-szavazas-menete.pdf"><img loading="lazy" decoding="async" class="alignleft wp-image-9279" src="https://dunavarsany.hu/wp-content/uploads/2022/03/0-214x300.jpg" alt="" width="306" height="429" srcset="https://dunavarsany.hu/wp-content/uploads/2022/03/0-214x300.jpg 214w, https://dunavarsany.hu/wp-content/uploads/2022/03/0-731x1024.jpg 731w, https://dunavarsany.hu/wp-content/uploads/2022/03/0-768x1075.jpg 768w, https://dunavarsany.hu/wp-content/uploads/2022/03/0-1097x1536.jpg 1097w, https://dunavarsany.hu/wp-content/uploads/2022/03/0-1463x2048.jpg 1463w, https://dunavarsany.hu/wp-content/uploads/2022/03/0-scaled.jpg 1828w" sizes="auto, (max-width: 306px) 100vw, 306px" /></a><a href="https://dunavarsany.hu/wp-content/uploads/2022/03/1434_igy-nez-ki-az-ervenye-szavazat.pdf"><img loading="lazy" decoding="async" class="alignright wp-image-9280" src="https://dunavarsany.hu/wp-content/uploads/2022/03/1-214x300.jpg" alt="" width="306" height="429" srcset="https://dunavarsany.hu/wp-content/uploads/2022/03/1-214x300.jpg 214w, https://dunavarsany.hu/wp-content/uploads/2022/03/1-731x1024.jpg 731w, https://dunavarsany.hu/wp-content/uploads/2022/03/1-768x1075.jpg 768w, https://dunavarsany.hu/wp-content/uploads/2022/03/1-1097x1536.jpg 1097w, https://dunavarsany.hu/wp-content/uploads/2022/03/1-1463x2048.jpg 1463w, https://dunavarsany.hu/wp-content/uploads/2022/03/1-scaled.jpg 1828w" sizes="auto, (max-width: 306px) 100vw, 306px" /></a></p>

<div class="mh-excerpt"><p>Helyi Választási Iroda elérhetőségei HVI Vezető: dr. Szilágyi Ákos Andor jegyző Cím: 2336 Dunavarsány, Kossuth Lajos u. 18. Tel.: 06 24-521-040 Fax.: 06 24-521-056 email: titkarsag@dunavarsany.hu Ügyfélfogadási idő: Hétfő: 13.00-17.00 Szerda: 8.00-12.00 13.00-16.00 Péntek: 8.00-12.00 <a class="mh-excerpt-more" href="https://dunavarsany.hu/index.php/orszaggyulesi-valasztas-2022/" title="ORSZÁGGYŰLÉSI VÁLASZTÁS 2022">[&#8230;]</a></p>
</div>
