{"id":8033,"date":"2021-06-01T09:24:45","date_gmt":"2021-06-01T09:24:45","guid":{"rendered":"https:\/\/dunavarsany.hu\/?page_id=8033"},"modified":"2022-09-28T07:45:04","modified_gmt":"2022-09-28T07:45:04","slug":"pm_bolcsodefejlesztes","status":"publish","type":"page","link":"https:\/\/dunavarsany.hu\/index.php\/pm_bolcsodefejlesztes\/","title":{"rendered":"PM_BOLCSODEFEJLESZTES"},"content":{"rendered":"<p style=\"text-align: justify;\"><strong>Elk\u00e9sz\u00fclt Dunavars\u00e1ny \u00faj b\u00f6lcs\u0151d\u00e9je<\/strong><\/p>\n<p style=\"text-align: justify;\"><em>\u00a0Megjelent: pestmegye.hu &#8211; 2022. szeptember 27. kedd, 11:09<\/em><\/p>\n<p style=\"text-align: justify;\">Dunavars\u00e1ny V\u00e1ros \u00d6nkorm\u00e1nyzata sikeres p\u00e1ly\u00e1zatot ny\u00fajtott be az \u201e\u00d6nkorm\u00e1nyzati tulajdon\u00fa b\u00f6lcs\u0151dei ell\u00e1t\u00e1st ny\u00fajt\u00f3 int\u00e9zm\u00e9nyek fejleszt\u00e9s\u00e9nek t\u00e1mogat\u00e1sa Pest megy\u00e9ben\u201d c\u00edm\u0171 p\u00e1ly\u00e1zati felh\u00edv\u00e1sra, amelyre 480 milli\u00f3 forint vissza nem t\u00e9r\u00edtend\u0151 t\u00e1mogat\u00e1st nyert, melyet hasonl\u00f3 nagys\u00e1grend\u0171 \u00f6ner\u0151vel eg\u00e9sz\u00edtett ki.<\/p>\n<figure id=\"attachment_10132\" aria-describedby=\"caption-attachment-10132\" style=\"width: 1490px\" class=\"wp-caption alignleft\"><a href=\"https:\/\/dunavarsany.hu\/wp-content\/uploads\/2022\/09\/Cikk-foto.jpg\"><img loading=\"lazy\" decoding=\"async\" class=\"wp-image-10132 size-full\" src=\"https:\/\/dunavarsany.hu\/wp-content\/uploads\/2022\/09\/Cikk-foto.jpg\" alt=\"\" width=\"1490\" height=\"957\" srcset=\"https:\/\/dunavarsany.hu\/wp-content\/uploads\/2022\/09\/Cikk-foto.jpg 1490w, https:\/\/dunavarsany.hu\/wp-content\/uploads\/2022\/09\/Cikk-foto-300x193.jpg 300w, https:\/\/dunavarsany.hu\/wp-content\/uploads\/2022\/09\/Cikk-foto-1024x658.jpg 1024w, https:\/\/dunavarsany.hu\/wp-content\/uploads\/2022\/09\/Cikk-foto-768x493.jpg 768w\" sizes=\"auto, (max-width: 1490px) 100vw, 1490px\" \/><\/a><figcaption id=\"caption-attachment-10132\" class=\"wp-caption-text\"><em> A beruh\u00e1z\u00e1s megval\u00f3s\u00edt\u00e1si helye: Dunavars\u00e1ny, 3702\/1 hrsz<\/em><\/figcaption><\/figure>\n<p style=\"text-align: justify;\">A beruh\u00e1z\u00e1s sor\u00e1n \u00faj n\u00e9gy csoportszob\u00e1s, 48 f\u00e9r\u0151helyes b\u00f6lcs\u0151de k\u00e9sz\u00fclt el. Az \u00e9p\u00fclet f\u00f6ldszintes, a gyermekek nevel\u00e9s\u00e9t 14-16 f\u0151s szem\u00e9lyzet fogja v\u00e9gezni. A b\u00f6lcs\u0151de f\u00f6ldszinti nett\u00f3 be\u00e9p\u00edtett alapter\u00fclete 675,41 m2., z\u00f6ldfel\u00fcleti ar\u00e1nya 62,81%, a j\u00e1tsz\u00f3udvar ter\u00fclete 1279,41 m2. A fejleszt\u00e9s egyik fontos eredm\u00e9nyek\u00e9nt Dunavars\u00e1ny V\u00e1rosa \u00e1ltal ny\u00fajtott szolg\u00e1ltat\u00e1sok sz\u00e9lesebb k\u00f6r\u0171v\u00e9 v\u00e1lnak, a v\u00e1ros n\u00e9pess\u00e9gmegtart\u00f3 ereje javul.<\/p>\n<p style=\"text-align: justify;\">A projekt a P\u00e9nz\u00fcgyminiszt\u00e9rium t\u00e1mogat\u00e1s\u00e1val val\u00f3sult meg.<\/p>\n<p style=\"text-align: justify;\">A t\u00e1mogat\u00e1s forr\u00e1sa a Pest megye Ter\u00fcletfejleszt\u00e9si Koncepci\u00f3ja 2014-2030 \u00e9s Pest megye Ter\u00fcletfejleszt\u00e9si Programja 2014-2020 megval\u00f3s\u00edt\u00e1s\u00e1hoz ny\u00fajtott c\u00e9lzott p\u00e9nz\u00fcgyi k\u00f6lts\u00e9gvet\u00e9si t\u00e1mogat\u00e1s a Pest megyei fejleszt\u00e9sek el\u0151ir\u00e1nyzatb\u00f3l.<\/p>\n<p style=\"text-align: justify;\">A projekt azonos\u00edt\u00f3sz\u00e1ma: PM_BOLCSODEFEJLESZTES_2019\/5<br \/>\nA projekt kivitelez\u00e9se: 2021.05.05-\u00e9n kezd\u0151d\u00f6tt, \u00fcnnep\u00e9lyes \u00e1tad\u00e1sa pedig 2022.09.19-\u00e9n t\u00f6rt\u00e9nt meg.<br \/>\nA beruh\u00e1z\u00e1s kivitelez\u0151je a KINAM\u00c9 \u00c9p\u00edt\u0151ipari Kft. volt.<\/p>\n<div id='gallery-1' class='gallery galleryid-8033 gallery-columns-3 gallery-size-medium'><figure class='gallery-item'>\n\t\t\t<div class='gallery-icon landscape'>\n\t\t\t\t<a href='https:\/\/dunavarsany.hu\/index.php\/pm_bolcsodefejlesztes\/dvbolcsode-5\/'><img loading=\"lazy\" decoding=\"async\" width=\"300\" height=\"198\" src=\"https:\/\/dunavarsany.hu\/wp-content\/uploads\/2022\/09\/DVbolcsode-5-300x198.jpg\" class=\"attachment-medium size-medium\" alt=\"\" srcset=\"https:\/\/dunavarsany.hu\/wp-content\/uploads\/2022\/09\/DVbolcsode-5-300x198.jpg 300w, https:\/\/dunavarsany.hu\/wp-content\/uploads\/2022\/09\/DVbolcsode-5-1024x675.jpg 1024w, https:\/\/dunavarsany.hu\/wp-content\/uploads\/2022\/09\/DVbolcsode-5-768x507.jpg 768w, https:\/\/dunavarsany.hu\/wp-content\/uploads\/2022\/09\/DVbolcsode-5-1536x1013.jpg 1536w, https:\/\/dunavarsany.hu\/wp-content\/uploads\/2022\/09\/DVbolcsode-5-2048x1351.jpg 2048w\" sizes=\"auto, (max-width: 300px) 100vw, 300px\" \/><\/a>\n\t\t\t<\/div><\/figure><figure class='gallery-item'>\n\t\t\t<div class='gallery-icon landscape'>\n\t\t\t\t<a href='https:\/\/dunavarsany.hu\/index.php\/pm_bolcsodefejlesztes\/dvbolcsode-6\/'><img loading=\"lazy\" decoding=\"async\" width=\"300\" height=\"200\" src=\"https:\/\/dunavarsany.hu\/wp-content\/uploads\/2022\/09\/DVbolcsode-6-300x200.jpg\" class=\"attachment-medium size-medium\" alt=\"\" srcset=\"https:\/\/dunavarsany.hu\/wp-content\/uploads\/2022\/09\/DVbolcsode-6-300x200.jpg 300w, https:\/\/dunavarsany.hu\/wp-content\/uploads\/2022\/09\/DVbolcsode-6-1024x683.jpg 1024w, https:\/\/dunavarsany.hu\/wp-content\/uploads\/2022\/09\/DVbolcsode-6-768x512.jpg 768w, https:\/\/dunavarsany.hu\/wp-content\/uploads\/2022\/09\/DVbolcsode-6-1536x1024.jpg 1536w, https:\/\/dunavarsany.hu\/wp-content\/uploads\/2022\/09\/DVbolcsode-6-2048x1365.jpg 2048w\" sizes=\"auto, (max-width: 300px) 100vw, 300px\" \/><\/a>\n\t\t\t<\/div><\/figure><figure class='gallery-item'>\n\t\t\t<div class='gallery-icon landscape'>\n\t\t\t\t<a href='https:\/\/dunavarsany.hu\/index.php\/pm_bolcsodefejlesztes\/dvbolcsode-7\/'><img loading=\"lazy\" decoding=\"async\" width=\"300\" height=\"243\" src=\"https:\/\/dunavarsany.hu\/wp-content\/uploads\/2022\/09\/DVbolcsode-7-300x243.jpg\" class=\"attachment-medium size-medium\" alt=\"\" srcset=\"https:\/\/dunavarsany.hu\/wp-content\/uploads\/2022\/09\/DVbolcsode-7-300x243.jpg 300w, https:\/\/dunavarsany.hu\/wp-content\/uploads\/2022\/09\/DVbolcsode-7-1024x831.jpg 1024w, https:\/\/dunavarsany.hu\/wp-content\/uploads\/2022\/09\/DVbolcsode-7-768x623.jpg 768w, https:\/\/dunavarsany.hu\/wp-content\/uploads\/2022\/09\/DVbolcsode-7-1536x1246.jpg 1536w, https:\/\/dunavarsany.hu\/wp-content\/uploads\/2022\/09\/DVbolcsode-7-2048x1662.jpg 2048w\" sizes=\"auto, (max-width: 300px) 100vw, 300px\" \/><\/a>\n\t\t\t<\/div><\/figure><figure class='gallery-item'>\n\t\t\t<div class='gallery-icon landscape'>\n\t\t\t\t<a href='https:\/\/dunavarsany.hu\/index.php\/pm_bolcsodefejlesztes\/dvbolcsode-8\/'><img loading=\"lazy\" decoding=\"async\" width=\"300\" height=\"200\" src=\"https:\/\/dunavarsany.hu\/wp-content\/uploads\/2022\/09\/DVbolcsode-8-300x200.jpg\" class=\"attachment-medium size-medium\" alt=\"\" srcset=\"https:\/\/dunavarsany.hu\/wp-content\/uploads\/2022\/09\/DVbolcsode-8-300x200.jpg 300w, https:\/\/dunavarsany.hu\/wp-content\/uploads\/2022\/09\/DVbolcsode-8-1024x683.jpg 1024w, https:\/\/dunavarsany.hu\/wp-content\/uploads\/2022\/09\/DVbolcsode-8-768x512.jpg 768w, https:\/\/dunavarsany.hu\/wp-content\/uploads\/2022\/09\/DVbolcsode-8-1536x1024.jpg 1536w, https:\/\/dunavarsany.hu\/wp-content\/uploads\/2022\/09\/DVbolcsode-8-2048x1365.jpg 2048w\" sizes=\"auto, (max-width: 300px) 100vw, 300px\" \/><\/a>\n\t\t\t<\/div><\/figure><figure class='gallery-item'>\n\t\t\t<div class='gallery-icon landscape'>\n\t\t\t\t<a href='https:\/\/dunavarsany.hu\/index.php\/pm_bolcsodefejlesztes\/dvbolcsode-9\/'><img loading=\"lazy\" decoding=\"async\" width=\"300\" height=\"150\" src=\"https:\/\/dunavarsany.hu\/wp-content\/uploads\/2022\/09\/DVbolcsode-9-300x150.jpg\" class=\"attachment-medium size-medium\" alt=\"\" srcset=\"https:\/\/dunavarsany.hu\/wp-content\/uploads\/2022\/09\/DVbolcsode-9-300x150.jpg 300w, https:\/\/dunavarsany.hu\/wp-content\/uploads\/2022\/09\/DVbolcsode-9-1024x510.jpg 1024w, https:\/\/dunavarsany.hu\/wp-content\/uploads\/2022\/09\/DVbolcsode-9-768x383.jpg 768w, https:\/\/dunavarsany.hu\/wp-content\/uploads\/2022\/09\/DVbolcsode-9-1536x765.jpg 1536w, https:\/\/dunavarsany.hu\/wp-content\/uploads\/2022\/09\/DVbolcsode-9-2048x1021.jpg 2048w\" sizes=\"auto, (max-width: 300px) 100vw, 300px\" \/><\/a>\n\t\t\t<\/div><\/figure><figure class='gallery-item'>\n\t\t\t<div class='gallery-icon landscape'>\n\t\t\t\t<a href='https:\/\/dunavarsany.hu\/index.php\/pm_bolcsodefejlesztes\/dvbolcsode-10\/'><img loading=\"lazy\" decoding=\"async\" width=\"300\" height=\"200\" src=\"https:\/\/dunavarsany.hu\/wp-content\/uploads\/2022\/09\/DVbolcsode-10-300x200.jpg\" class=\"attachment-medium size-medium\" alt=\"\" srcset=\"https:\/\/dunavarsany.hu\/wp-content\/uploads\/2022\/09\/DVbolcsode-10-300x200.jpg 300w, https:\/\/dunavarsany.hu\/wp-content\/uploads\/2022\/09\/DVbolcsode-10-1024x683.jpg 1024w, https:\/\/dunavarsany.hu\/wp-content\/uploads\/2022\/09\/DVbolcsode-10-768x512.jpg 768w, https:\/\/dunavarsany.hu\/wp-content\/uploads\/2022\/09\/DVbolcsode-10-1536x1024.jpg 1536w, https:\/\/dunavarsany.hu\/wp-content\/uploads\/2022\/09\/DVbolcsode-10-2048x1365.jpg 2048w\" sizes=\"auto, (max-width: 300px) 100vw, 300px\" \/><\/a>\n\t\t\t<\/div><\/figure>\n\t\t<\/div>\n\n","protected":false},"excerpt":{"rendered":"<div class=\"mh-excerpt\"><p>Elk\u00e9sz\u00fclt Dunavars\u00e1ny \u00faj b\u00f6lcs\u0151d\u00e9je \u00a0Megjelent: pestmegye.hu &#8211; 2022. szeptember 27. kedd, 11:09 Dunavars\u00e1ny V\u00e1ros \u00d6nkorm\u00e1nyzata sikeres p\u00e1ly\u00e1zatot ny\u00fajtott be az \u201e\u00d6nkorm\u00e1nyzati tulajdon\u00fa b\u00f6lcs\u0151dei ell\u00e1t\u00e1st ny\u00fajt\u00f3 int\u00e9zm\u00e9nyek fejleszt\u00e9s\u00e9nek t\u00e1mogat\u00e1sa Pest megy\u00e9ben\u201d c\u00edm\u0171 p\u00e1ly\u00e1zati felh\u00edv\u00e1sra, amelyre 480 <a class=\"mh-excerpt-more\" href=\"https:\/\/dunavarsany.hu\/index.php\/pm_bolcsodefejlesztes\/\" title=\"PM_BOLCSODEFEJLESZTES\">[&#8230;]<\/a><\/p>\n<\/div>","protected":false},"author":3,"featured_media":0,"parent":0,"menu_order":0,"comment_status":"closed","ping_status":"closed","template":"","meta":{"footnotes":""},"class_list":["post-8033","page","type-page","status-publish"],"_links":{"self":[{"href":"https:\/\/dunavarsany.hu\/index.php\/wp-json\/wp\/v2\/pages\/8033","targetHints":{"allow":["GET"]}}],"collection":[{"href":"https:\/\/dunavarsany.hu\/index.php\/wp-json\/wp\/v2\/pages"}],"about":[{"href":"https:\/\/dunavarsany.hu\/index.php\/wp-json\/wp\/v2\/types\/page"}],"author":[{"embeddable":true,"href":"https:\/\/dunavarsany.hu\/index.php\/wp-json\/wp\/v2\/users\/3"}],"replies":[{"embeddable":true,"href":"https:\/\/dunavarsany.hu\/index.php\/wp-json\/wp\/v2\/comments?post=8033"}],"version-history":[{"count":4,"href":"https:\/\/dunavarsany.hu\/index.php\/wp-json\/wp\/v2\/pages\/8033\/revisions"}],"predecessor-version":[{"id":10133,"href":"https:\/\/dunavarsany.hu\/index.php\/wp-json\/wp\/v2\/pages\/8033\/revisions\/10133"}],"wp:attachment":[{"href":"https:\/\/dunavarsany.hu\/index.php\/wp-json\/wp\/v2\/media?parent=8033"}],"curies":[{"name":"wp","href":"https:\/\/api.w.org\/{rel}","templated":true}]}}