{"id":7456,"date":"2021-03-22T13:16:52","date_gmt":"2021-03-22T13:16:52","guid":{"rendered":"http:\/\/dunavarsany.hu\/?page_id=7456"},"modified":"2021-04-26T06:28:49","modified_gmt":"2021-04-26T06:28:49","slug":"gyermekjoleti-tarsulas","status":"publish","type":"page","link":"https:\/\/dunavarsany.hu\/index.php\/gyermekjoleti-tarsulas\/","title":{"rendered":"Gyermekj\u00f3l\u00e9ti T\u00e1rsul\u00e1s"},"content":{"rendered":"<p>Dunavars\u00e1ny \u00e9s K\u00f6rny\u00e9ke Csal\u00e1d- \u00e9s Gyermekj\u00f3l\u00e9ti Szolg\u00e1lat Int\u00e9zm\u00e9nyfenntart\u00f3 T\u00e1rsul\u00e1s k\u00f6z\u00e9rdek\u0171 dokumentumai:<\/p>\n<ul style=\"list-style-type: square;\">\n<li><a href=\"https:\/\/dunavarsany.hu\/wp-content\/uploads\/2021\/04\/Kozerdeku-adatok-megism-szabalyzata-gyejo-tarsulas2020.pdf\">K\u00f6z\u00e9rdek\u0171 adatok megism szab\u00e1lyzata 2020.<\/a><\/li>\n<li><a href=\"https:\/\/dunavarsany.hu\/wp-content\/uploads\/2021\/03\/Tarsulasi-megallapodas-GYEJO-TARS.pdf\">T\u00e1rsul\u00e1si meg\u00e1llapod\u00e1s<\/a><\/li>\n<li><a href=\"https:\/\/dunavarsany.hu\/wp-content\/uploads\/2021\/03\/Torzskonyvi-nyilvantartas-adata_gyejotarsulas.pdf\">T\u00f6rzsk\u00f6nyvi nyilv\u00e1ntart\u00e1s adatai<\/a><\/li>\n<li><a href=\"https:\/\/dunavarsany.hu\/wp-content\/uploads\/2021\/03\/Elemi-koltsegvetes_824750_Gyejo-T.-2020.pdf\">Elemi koltsegvetes 2020.<\/a><\/li>\n<li><a href=\"https:\/\/dunavarsany.hu\/wp-content\/uploads\/2021\/03\/Eves-koltsegvetesi-beszamolo_824750_Gyejo-T.-2019.pdf\">Eves koltsegvetesi beszamolo 2019.<\/a><\/li>\n<li><a href=\"https:\/\/dunavarsany.hu\/wp-content\/uploads\/2021\/04\/5-millio-feletti-szerzodesek-2020.Gyejo_.Tarsulas.xls\">5 milli\u00f3 feletti szerz\u0151d\u00e9sek 2020.Gyej\u00f3.T\u00e1rsul\u00e1s<\/a><\/li>\n<li><a href=\"https:\/\/dunavarsany.hu\/wp-content\/uploads\/2021\/04\/5-millio-feletti-szerzodesek-2021.Gyejo_.Tarsulas.xls\">5 milli\u00f3 feletti szerz\u0151d\u00e9sek 2021.Gyej\u00f3.T\u00e1rsul\u00e1s<\/a><\/li>\n<\/ul>\n","protected":false},"excerpt":{"rendered":"<div class=\"mh-excerpt\"><p>Dunavars\u00e1ny \u00e9s K\u00f6rny\u00e9ke Csal\u00e1d- \u00e9s Gyermekj\u00f3l\u00e9ti Szolg\u00e1lat Int\u00e9zm\u00e9nyfenntart\u00f3 T\u00e1rsul\u00e1s k\u00f6z\u00e9rdek\u0171 dokumentumai: K\u00f6z\u00e9rdek\u0171 adatok megism szab\u00e1lyzata 2020. T\u00e1rsul\u00e1si meg\u00e1llapod\u00e1s T\u00f6rzsk\u00f6nyvi nyilv\u00e1ntart\u00e1s adatai Elemi koltsegvetes 2020. Eves koltsegvetesi beszamolo 2019. 5 milli\u00f3 feletti szerz\u0151d\u00e9sek 2020.Gyej\u00f3.T\u00e1rsul\u00e1s 5 milli\u00f3 <a class=\"mh-excerpt-more\" href=\"https:\/\/dunavarsany.hu\/index.php\/gyermekjoleti-tarsulas\/\" title=\"Gyermekj\u00f3l\u00e9ti T\u00e1rsul\u00e1s\">[&#8230;]<\/a><\/p>\n<\/div>","protected":false},"author":3,"featured_media":0,"parent":0,"menu_order":0,"comment_status":"closed","ping_status":"closed","template":"","meta":{"footnotes":""},"class_list":["post-7456","page","type-page","status-publish"],"_links":{"self":[{"href":"https:\/\/dunavarsany.hu\/index.php\/wp-json\/wp\/v2\/pages\/7456","targetHints":{"allow":["GET"]}}],"collection":[{"href":"https:\/\/dunavarsany.hu\/index.php\/wp-json\/wp\/v2\/pages"}],"about":[{"href":"https:\/\/dunavarsany.hu\/index.php\/wp-json\/wp\/v2\/types\/page"}],"author":[{"embeddable":true,"href":"https:\/\/dunavarsany.hu\/index.php\/wp-json\/wp\/v2\/users\/3"}],"replies":[{"embeddable":true,"href":"https:\/\/dunavarsany.hu\/index.php\/wp-json\/wp\/v2\/comments?post=7456"}],"version-history":[{"count":11,"href":"https:\/\/dunavarsany.hu\/index.php\/wp-json\/wp\/v2\/pages\/7456\/revisions"}],"predecessor-version":[{"id":7723,"href":"https:\/\/dunavarsany.hu\/index.php\/wp-json\/wp\/v2\/pages\/7456\/revisions\/7723"}],"wp:attachment":[{"href":"https:\/\/dunavarsany.hu\/index.php\/wp-json\/wp\/v2\/media?parent=7456"}],"curies":[{"name":"wp","href":"https:\/\/api.w.org\/{rel}","templated":true}]}}