{"id":7437,"date":"2021-03-22T10:44:53","date_gmt":"2021-03-22T10:44:53","guid":{"rendered":"http:\/\/dunavarsany.hu\/?page_id=7437"},"modified":"2025-06-12T09:04:17","modified_gmt":"2025-06-12T09:04:17","slug":"szennyviztarsulas","status":"publish","type":"page","link":"https:\/\/dunavarsany.hu\/index.php\/szennyviztarsulas\/","title":{"rendered":"Szennyv\u00edzt\u00e1rsul\u00e1s"},"content":{"rendered":"<p><strong>Dunavars\u00e1ny \u00e9s K\u00f6rny\u00e9ke \u00d6nkorm\u00e1nyzati Szennyv\u00edzt\u00e1rsul\u00e1s k\u00f6z\u00e9rdek\u0171 dokumentumai<\/strong><\/p>\n<ul style=\"list-style-type: square;\">\n<li><a href=\"https:\/\/dunavarsany.hu\/wp-content\/uploads\/2021\/03\/ALAPITO-OKIRAT-TARSULAS.pdf\">ALAP\u00cdT\u00d3 OKIRAT<\/a><\/li>\n<li><a href=\"https:\/\/dunavarsany.hu\/wp-content\/uploads\/2021\/04\/Kozerdeku-adatkezelesi-szabalyzat_2020szenny.pdf\">K\u00f6z\u00e9rdek\u0171 adatkezel\u00e9si szab\u00e1lyzat_2020.<\/a><\/li>\n<li><a href=\"https:\/\/dunavarsany.hu\/wp-content\/uploads\/2021\/03\/Szennyviztarsulas-tarsulasi-megallapodas.pdf\">Szennyv\u00edzt\u00e1rsul\u00e1s &#8211; t\u00e1rsul\u00e1si meg\u00e1llapod\u00e1s<\/a><\/li>\n<li><a href=\"https:\/\/dunavarsany.hu\/wp-content\/uploads\/2021\/03\/Szennyviztarsulas-2019.-evi-koltsegvetese-hatarozat-kivonat-tablazat.pdf\">Szennyv\u00edzt\u00e1rsul\u00e1s 2019. \u00e9vi k\u00f6lts\u00e9gvet\u00e9se (hat\u00e1rozat kivonat+ t\u00e1bl\u00e1zat)<\/a><\/li>\n<li><a href=\"https:\/\/dunavarsany.hu\/wp-content\/uploads\/2021\/03\/nyilatkozat-szmsz-rol.pdf\">Nyilatkozat szmsz-r\u0151l<\/a><\/li>\n<li><a href=\"https:\/\/dunavarsany.hu\/wp-content\/uploads\/2021\/03\/I_15_A-kozerdeku-bejelentesek-panaszok-kezelesenek-eljarasrendje_szennyviz-is.pdf\">A k\u00f6z\u00e9rdek\u0171 bejelent\u00e9sek, panaszok kezel\u00e9s\u00e9nek elj\u00e1r\u00e1srendje I.15.<\/a><\/li>\n<li><a href=\"https:\/\/dunavarsany.hu\/wp-content\/uploads\/2021\/03\/Elemi-koltsegvetes_653529_2020_koltsegvetes-szennyviz.pdf\">Elemi k\u00f6lts\u00e9gvet\u00e9s 2020.<\/a><\/li>\n<li><a href=\"https:\/\/dunavarsany.hu\/wp-content\/uploads\/2021\/03\/Eves-koltsegvetesi-beszamolo_653529_2020_12_beszamolo-szennyviz.pdf\">\u00c9ves k\u00f6lts\u00e9gvet\u00e9si besz\u00e1mol\u00f3 2019.<\/a><\/li>\n<li><a href=\"https:\/\/dunavarsany.hu\/wp-content\/uploads\/2021\/04\/5-millio-feletti-szerzodesek-2020.Szennyviz-1.xls\">5 milli\u00f3 feletti szerz\u0151d\u00e9sek 2020.Szennyv\u00edzt\u00e1rsul\u00e1s<\/a><\/li>\n<li><a href=\"https:\/\/dunavarsany.hu\/wp-content\/uploads\/2021\/04\/5-millio-feletti-szerzodesek-2021.Szennyviz-1.xls\">5 milli\u00f3 feletti szerz\u0151d\u00e9sek 2021.Szennyv\u00edzt\u00e1rsul\u00e1s<\/a><\/li>\n<li><a href=\"https:\/\/dunavarsany.hu\/wp-content\/uploads\/2023\/02\/5-millio-Ft-feletti-szerzodesek_Szennyviztarsulas_2022.pdf\">5 milli\u00f3 feletti szerz\u0151d\u00e9sek 2022.Szennyv\u00edzt\u00e1rsul\u00e1s<\/a><\/li>\n<li><a href=\"https:\/\/dunavarsany.hu\/wp-content\/uploads\/2023\/04\/5-millio-Ft-feletti-szerzodesek_Szennyviztarsulas_2023.pdf\">5 milli\u00f3 feletti szerz\u0151d\u00e9sek 2023.Szennyv\u00edzt\u00e1rsul\u00e1s<\/a><\/li>\n<li><a href=\"https:\/\/dunavarsany.hu\/wp-content\/uploads\/2024\/10\/5-millio-Ft-feletti-szerzodesek_Szennyviztarsulas_2024.pdf\">5 millio\u0301 feletti szerzo\u030bde\u0301sek 2024_Szennyvi\u0301zta\u0301rsula\u0301s<\/a><\/li>\n<li><a href=\"https:\/\/dunavarsany.hu\/wp-content\/uploads\/2016\/01\/5-millio-feletti-szerzodesek-2025.SzennyvizTarsulas.pdf\">5 millio\u0301 feletti szerzo\u030bde\u0301sek 2025. Szennyvi\u0301zta\u0301rsula\u0301s<\/a><\/li>\n<\/ul>\n","protected":false},"excerpt":{"rendered":"<div class=\"mh-excerpt\"><p>Dunavars\u00e1ny \u00e9s K\u00f6rny\u00e9ke \u00d6nkorm\u00e1nyzati Szennyv\u00edzt\u00e1rsul\u00e1s k\u00f6z\u00e9rdek\u0171 dokumentumai ALAP\u00cdT\u00d3 OKIRAT K\u00f6z\u00e9rdek\u0171 adatkezel\u00e9si szab\u00e1lyzat_2020. Szennyv\u00edzt\u00e1rsul\u00e1s &#8211; t\u00e1rsul\u00e1si meg\u00e1llapod\u00e1s Szennyv\u00edzt\u00e1rsul\u00e1s 2019. \u00e9vi k\u00f6lts\u00e9gvet\u00e9se (hat\u00e1rozat kivonat+ t\u00e1bl\u00e1zat) Nyilatkozat szmsz-r\u0151l A k\u00f6z\u00e9rdek\u0171 bejelent\u00e9sek, panaszok kezel\u00e9s\u00e9nek elj\u00e1r\u00e1srendje I.15. Elemi k\u00f6lts\u00e9gvet\u00e9s 2020. <a class=\"mh-excerpt-more\" href=\"https:\/\/dunavarsany.hu\/index.php\/szennyviztarsulas\/\" title=\"Szennyv\u00edzt\u00e1rsul\u00e1s\">[&#8230;]<\/a><\/p>\n<\/div>","protected":false},"author":3,"featured_media":0,"parent":0,"menu_order":0,"comment_status":"closed","ping_status":"closed","template":"","meta":{"footnotes":""},"class_list":["post-7437","page","type-page","status-publish"],"_links":{"self":[{"href":"https:\/\/dunavarsany.hu\/index.php\/wp-json\/wp\/v2\/pages\/7437","targetHints":{"allow":["GET"]}}],"collection":[{"href":"https:\/\/dunavarsany.hu\/index.php\/wp-json\/wp\/v2\/pages"}],"about":[{"href":"https:\/\/dunavarsany.hu\/index.php\/wp-json\/wp\/v2\/types\/page"}],"author":[{"embeddable":true,"href":"https:\/\/dunavarsany.hu\/index.php\/wp-json\/wp\/v2\/users\/3"}],"replies":[{"embeddable":true,"href":"https:\/\/dunavarsany.hu\/index.php\/wp-json\/wp\/v2\/comments?post=7437"}],"version-history":[{"count":10,"href":"https:\/\/dunavarsany.hu\/index.php\/wp-json\/wp\/v2\/pages\/7437\/revisions"}],"predecessor-version":[{"id":14013,"href":"https:\/\/dunavarsany.hu\/index.php\/wp-json\/wp\/v2\/pages\/7437\/revisions\/14013"}],"wp:attachment":[{"href":"https:\/\/dunavarsany.hu\/index.php\/wp-json\/wp\/v2\/media?parent=7437"}],"curies":[{"name":"wp","href":"https:\/\/api.w.org\/{rel}","templated":true}]}}