{"id":7225,"date":"2021-02-22T10:50:04","date_gmt":"2021-02-22T10:50:04","guid":{"rendered":"http:\/\/dunavarsany.hu\/?page_id=7225"},"modified":"2021-02-22T10:50:11","modified_gmt":"2021-02-22T10:50:11","slug":"veszelyhelyzet-alatti-hatarozatok-eloterjesztesek-2021-02-18","status":"publish","type":"page","link":"https:\/\/dunavarsany.hu\/index.php\/veszelyhelyzet-alatti-hatarozatok-eloterjesztesek-2021-02-18\/","title":{"rendered":"Vesz\u00e9lyhelyzet alatti hat\u00e1rozatok-el\u0151terjeszt\u00e9sek 2021.02.18."},"content":{"rendered":"<p><a href=\"https:\/\/dunavarsany.hu\/wp-content\/uploads\/2021\/02\/21.-Eloterjesztes.pdf\">21. El\u0151terjeszt\u00e9s<\/a><\/p>\n<p><a href=\"https:\/\/dunavarsany.hu\/wp-content\/uploads\/2021\/02\/21-2021.-II.-18.-hatarozat.pdf\">21-2021. (II. 18.) hat\u00e1rozat<\/a><\/p>\n<p><a href=\"https:\/\/dunavarsany.hu\/wp-content\/uploads\/2021\/02\/22.-Eloterjesztes.pdf\">22. El\u0151terjeszt\u00e9s<\/a><\/p>\n<p><a href=\"https:\/\/dunavarsany.hu\/wp-content\/uploads\/2021\/02\/22-2021.-II.-18.-hatarozat.pdf\">22-2021. (II. 18.) hat\u00e1rozat<\/a><\/p>\n<p><a href=\"https:\/\/dunavarsany.hu\/wp-content\/uploads\/2021\/02\/23.-Eloterjesztes.pdf\">23. El\u0151terjeszt\u00e9s<\/a><\/p>\n<p><a href=\"https:\/\/dunavarsany.hu\/wp-content\/uploads\/2021\/02\/23-2021.-II.-18.-hatarozat.pdf\">23-2021. (II. 18.) hat\u00e1rozat<\/a><\/p>\n<p><a href=\"https:\/\/dunavarsany.hu\/wp-content\/uploads\/2021\/02\/24-25.Eloterjesztes.pdf\">24-25.El\u0151terjeszt\u00e9s<\/a><\/p>\n<p><a href=\"https:\/\/dunavarsany.hu\/wp-content\/uploads\/2021\/02\/24-2021.-II.-18.-hatarozat.pdf\">24-2021. (II. 18.) hat\u00e1rozat<\/a><\/p>\n<p><a href=\"https:\/\/dunavarsany.hu\/wp-content\/uploads\/2021\/02\/25-2021.-II.-18.-hatarozat.pdf\">25-2021. (II. 18.) hat\u00e1rozat<\/a><\/p>\n","protected":false},"excerpt":{"rendered":"<div class=\"mh-excerpt\"><p>21. El\u0151terjeszt\u00e9s 21-2021. (II. 18.) hat\u00e1rozat 22. El\u0151terjeszt\u00e9s 22-2021. (II. 18.) hat\u00e1rozat 23. El\u0151terjeszt\u00e9s 23-2021. (II. 18.) hat\u00e1rozat 24-25.El\u0151terjeszt\u00e9s 24-2021. (II. 18.) hat\u00e1rozat 25-2021. (II. 18.) hat\u00e1rozat<\/p>\n<\/div>","protected":false},"author":3,"featured_media":0,"parent":0,"menu_order":0,"comment_status":"closed","ping_status":"closed","template":"","meta":{"footnotes":""},"class_list":["post-7225","page","type-page","status-publish"],"_links":{"self":[{"href":"https:\/\/dunavarsany.hu\/index.php\/wp-json\/wp\/v2\/pages\/7225","targetHints":{"allow":["GET"]}}],"collection":[{"href":"https:\/\/dunavarsany.hu\/index.php\/wp-json\/wp\/v2\/pages"}],"about":[{"href":"https:\/\/dunavarsany.hu\/index.php\/wp-json\/wp\/v2\/types\/page"}],"author":[{"embeddable":true,"href":"https:\/\/dunavarsany.hu\/index.php\/wp-json\/wp\/v2\/users\/3"}],"replies":[{"embeddable":true,"href":"https:\/\/dunavarsany.hu\/index.php\/wp-json\/wp\/v2\/comments?post=7225"}],"version-history":[{"count":1,"href":"https:\/\/dunavarsany.hu\/index.php\/wp-json\/wp\/v2\/pages\/7225\/revisions"}],"predecessor-version":[{"id":7235,"href":"https:\/\/dunavarsany.hu\/index.php\/wp-json\/wp\/v2\/pages\/7225\/revisions\/7235"}],"wp:attachment":[{"href":"https:\/\/dunavarsany.hu\/index.php\/wp-json\/wp\/v2\/media?parent=7225"}],"curies":[{"name":"wp","href":"https:\/\/api.w.org\/{rel}","templated":true}]}}