{"id":7195,"date":"2021-02-22T10:19:46","date_gmt":"2021-02-22T10:19:46","guid":{"rendered":"http:\/\/dunavarsany.hu\/?page_id=7195"},"modified":"2021-02-22T11:09:26","modified_gmt":"2021-02-22T11:09:26","slug":"veszelyhelyzet-alatti-hatarozatok-eloterjesztesek-2021-02-01","status":"publish","type":"page","link":"https:\/\/dunavarsany.hu\/index.php\/veszelyhelyzet-alatti-hatarozatok-eloterjesztesek-2021-02-01\/","title":{"rendered":"Vesz\u00e9lyhelyzet alatti hat\u00e1rozatok-el\u0151terjeszt\u00e9sek 2021.02.01."},"content":{"rendered":"<p><a href=\"https:\/\/dunavarsany.hu\/wp-content\/uploads\/2021\/02\/8-9-Eloterjesztes.pdf\">8-9-El\u0151terjeszt\u00e9s<\/a><\/p>\n<p><a href=\"https:\/\/dunavarsany.hu\/wp-content\/uploads\/2021\/02\/8-2021.-II.-1.-hatarozat.pdf\">8-2021. (II. 1.) hat\u00e1rozat<\/a><\/p>\n<p><a href=\"https:\/\/dunavarsany.hu\/wp-content\/uploads\/2021\/02\/9-2021.-II.-1.-hatarozat.pdf\">9-2021. (II. 1.) hat\u00e1rozat<\/a><\/p>\n<p><a href=\"https:\/\/dunavarsany.hu\/wp-content\/uploads\/2021\/02\/10.-Eloterjesztes.pdf\">10. El\u0151terjeszt\u00e9s<\/a><\/p>\n<p><a href=\"https:\/\/dunavarsany.hu\/wp-content\/uploads\/2021\/02\/10-2021.-II.-1.-hatarozat.pdf\">10-2021. (II. 1.) hat\u00e1rozat<\/a><\/p>\n","protected":false},"excerpt":{"rendered":"<div class=\"mh-excerpt\"><p>8-9-El\u0151terjeszt\u00e9s 8-2021. (II. 1.) hat\u00e1rozat 9-2021. (II. 1.) hat\u00e1rozat 10. El\u0151terjeszt\u00e9s 10-2021. (II. 1.) hat\u00e1rozat<\/p>\n<\/div>","protected":false},"author":3,"featured_media":0,"parent":0,"menu_order":0,"comment_status":"closed","ping_status":"closed","template":"","meta":{"footnotes":""},"class_list":["post-7195","page","type-page","status-publish"],"_links":{"self":[{"href":"https:\/\/dunavarsany.hu\/index.php\/wp-json\/wp\/v2\/pages\/7195","targetHints":{"allow":["GET"]}}],"collection":[{"href":"https:\/\/dunavarsany.hu\/index.php\/wp-json\/wp\/v2\/pages"}],"about":[{"href":"https:\/\/dunavarsany.hu\/index.php\/wp-json\/wp\/v2\/types\/page"}],"author":[{"embeddable":true,"href":"https:\/\/dunavarsany.hu\/index.php\/wp-json\/wp\/v2\/users\/3"}],"replies":[{"embeddable":true,"href":"https:\/\/dunavarsany.hu\/index.php\/wp-json\/wp\/v2\/comments?post=7195"}],"version-history":[{"count":2,"href":"https:\/\/dunavarsany.hu\/index.php\/wp-json\/wp\/v2\/pages\/7195\/revisions"}],"predecessor-version":[{"id":7240,"href":"https:\/\/dunavarsany.hu\/index.php\/wp-json\/wp\/v2\/pages\/7195\/revisions\/7240"}],"wp:attachment":[{"href":"https:\/\/dunavarsany.hu\/index.php\/wp-json\/wp\/v2\/media?parent=7195"}],"curies":[{"name":"wp","href":"https:\/\/api.w.org\/{rel}","templated":true}]}}