{"id":5473,"date":"2020-07-20T12:45:39","date_gmt":"2020-07-20T12:45:39","guid":{"rendered":"http:\/\/localhost\/dunavarsany.hu\/?page_id=5473"},"modified":"2024-11-12T12:31:19","modified_gmt":"2024-11-12T12:31:19","slug":"intezmenyek","status":"publish","type":"page","link":"https:\/\/dunavarsany.hu\/index.php\/intezmenyek\/","title":{"rendered":"Int\u00e9zm\u00e9nyek"},"content":{"rendered":"<p><\/p>\r\n<ul class=\"wp-block-list\">\r\n<li><a href=\"https:\/\/dunavarsany.hu\/index.php\/kultura\/\">Dunavars\u00e1nyi Pet\u0151fi M\u0171vel\u0151d\u00e9si H\u00e1z \u00e9s K\u00f6nyvt\u00e1r<\/a><\/li>\r\n<li><a href=\"http:\/\/bobitatunderovi.hu\/\" target=\"_blank\" rel=\"noreferrer noopener\">Dunavars\u00e1ny V\u00e1ros \u00d6nkorm\u00e1nyzat We\u00f6res S\u00e1ndor \u00d3voda<\/a><\/li>\r\n<li><a href=\"http:\/\/arpadsuli.hu\/\">Dunavars\u00e1nyi \u00c1rp\u00e1d Fejedelem \u00c1ltal\u00e1nos Iskola<\/a><\/li>\r\n<li><a href=\"https:\/\/dverkelsuli.hu\/\" target=\"_blank\" rel=\"noreferrer noopener\">Dunavars\u00e1ny V\u00e1ros Erkel Ferenc Alapfok\u00fa M\u0171v\u00e9szetoktat\u00e1si Iskola<\/a><\/li>\r\n<li><a href=\"https:\/\/dunavarsany.hu\/index.php\/gyermekjoleti-szolgalat\/\">Dunavars\u00e1ny\u00a0K\u00f6rny\u00e9ki Gyermekj\u00f3l\u00e9ti \u00e9s Csal\u00e1dseg\u00edt\u0151 Szolg\u00e1lat<\/a><\/li>\r\n<\/ul>\r\n","protected":false},"excerpt":{"rendered":"<div class=\"mh-excerpt\"><p>Dunavars\u00e1nyi Pet\u0151fi M\u0171vel\u0151d\u00e9si H\u00e1z \u00e9s K\u00f6nyvt\u00e1r Dunavars\u00e1ny V\u00e1ros \u00d6nkorm\u00e1nyzat We\u00f6res S\u00e1ndor \u00d3voda Dunavars\u00e1nyi \u00c1rp\u00e1d Fejedelem \u00c1ltal\u00e1nos Iskola Dunavars\u00e1ny V\u00e1ros Erkel Ferenc Alapfok\u00fa M\u0171v\u00e9szetoktat\u00e1si Iskola Dunavars\u00e1ny\u00a0K\u00f6rny\u00e9ki Gyermekj\u00f3l\u00e9ti \u00e9s Csal\u00e1dseg\u00edt\u0151 Szolg\u00e1lat<\/p>\n<\/div>","protected":false},"author":2,"featured_media":0,"parent":0,"menu_order":0,"comment_status":"closed","ping_status":"closed","template":"","meta":{"footnotes":""},"class_list":["post-5473","page","type-page","status-publish"],"_links":{"self":[{"href":"https:\/\/dunavarsany.hu\/index.php\/wp-json\/wp\/v2\/pages\/5473","targetHints":{"allow":["GET"]}}],"collection":[{"href":"https:\/\/dunavarsany.hu\/index.php\/wp-json\/wp\/v2\/pages"}],"about":[{"href":"https:\/\/dunavarsany.hu\/index.php\/wp-json\/wp\/v2\/types\/page"}],"author":[{"embeddable":true,"href":"https:\/\/dunavarsany.hu\/index.php\/wp-json\/wp\/v2\/users\/2"}],"replies":[{"embeddable":true,"href":"https:\/\/dunavarsany.hu\/index.php\/wp-json\/wp\/v2\/comments?post=5473"}],"version-history":[{"count":6,"href":"https:\/\/dunavarsany.hu\/index.php\/wp-json\/wp\/v2\/pages\/5473\/revisions"}],"predecessor-version":[{"id":13081,"href":"https:\/\/dunavarsany.hu\/index.php\/wp-json\/wp\/v2\/pages\/5473\/revisions\/13081"}],"wp:attachment":[{"href":"https:\/\/dunavarsany.hu\/index.php\/wp-json\/wp\/v2\/media?parent=5473"}],"curies":[{"name":"wp","href":"https:\/\/api.w.org\/{rel}","templated":true}]}}