{"id":5444,"date":"2020-07-20T12:16:46","date_gmt":"2020-07-20T12:16:46","guid":{"rendered":"http:\/\/localhost\/dunavarsany.hu\/?page_id=5444"},"modified":"2026-02-23T09:56:02","modified_gmt":"2026-02-23T09:56:02","slug":"hivatal","status":"publish","type":"page","link":"https:\/\/dunavarsany.hu\/index.php\/hivatal\/","title":{"rendered":"Hivatal"},"content":{"rendered":"\r\n<p>Szervez\u00e9si \u00e9s \u00d6nkorm\u00e1nyzati Oszt\u00e1ly\u00a0<a href=\"mailto:torvenyesseg@dunavarsany.huBeruh\">torvenyesseg@dunavarsany.hu<\/a><br \/>Beruh\u00e1z\u00e1si \u00e9s M\u0171szaki Oszt\u00e1ly <a href=\"mailto:muszak@dunavarsany.huGazdas\">muszak@dunavarsany.hu<\/a><br \/>Gazdas\u00e1gi Oszt\u00e1ly\u00a0<a href=\"mailto:penzugy@dunavarsany.huIgazgat\">penzugy@dunavarsany.hu<\/a><br \/>Igazgat\u00e1si Oszt\u00e1ly\u00a0<a href=\"mailto:igazgatas@dunavarsany.hu\">igazgatas@dunavarsany.hu<\/a><br \/>Majosh\u00e1zi Kirendelts\u00e9g <a href=\"mailto:titkarsag@majoshaza.hu\">titkarsag@majoshaza.hu<\/a><\/p>\r\n\r\n<p>&nbsp;<\/p>\r\n\r\n<div class=\"wp-block-group\">\r\n<div class=\"wp-block-group__inner-container is-layout-flow wp-block-group-is-layout-flow\">\r\n<p class=\"has-text-align-center\" style=\"text-align: center;\"><strong>A HIVATAL MUNKAT\u00c1RSAI<\/strong><\/p>\r\n<\/div>\r\n<\/div>\r\n\r\n<p>&nbsp;<\/p>\r\n\r\n<table style=\"width: 93.9485%; height: 1680px;\" width=\"936\">\r\n<tbody>\r\n<tr style=\"height: 24px;\">\r\n<td style=\"width: 25.0887%; height: 24px;\" width=\"217\">Dolgoz\u00f3 neve<\/td>\r\n<td style=\"width: 24.5331%; height: 24px;\" width=\"290\">Tiszts\u00e9ge<\/td>\r\n<td style=\"width: 31.4028%; height: 24px;\" width=\"264\">El\u00e9rhet\u0151s\u00e9g &#8211; telefon<\/td>\r\n<td style=\"width: 17.9059%; height: 24px;\" width=\"165\">El\u00e9rhet\u0151s\u00e9g &#8211; email<\/td>\r\n<\/tr>\r\n<tr style=\"height: 48px;\">\r\n<td style=\"width: 25.0887%; height: 48px;\" width=\"217\">dr. Szil\u00e1gyi \u00c1kos Andor<\/td>\r\n<td style=\"width: 24.5331%; height: 48px;\" width=\"290\">jegyz\u0151<\/td>\r\n<td style=\"width: 31.4028%; height: 48px;\" width=\"264\">0624-521-049<\/td>\r\n<td style=\"width: 17.9059%; height: 48px;\" width=\"165\"><a style=\"font-style: inherit;\" href=\"mailto:jegyzo@dunavarsany.hu\">jegyzo@dunavarsany.hu<\/a><\/td>\r\n<\/tr>\r\n<tr style=\"height: 72px;\">\r\n<td style=\"width: 25.0887%; height: 72px;\" width=\"217\">dr. Kiss Istv\u00e1n<\/td>\r\n<td style=\"width: 24.5331%; height: 72px;\" width=\"290\">aljegyz\u0151, Szervez\u00e9si \u00e9s \u00d6nkorm\u00e1nyzati Oszt\u00e1lyvezet\u0151<\/td>\r\n<td style=\"width: 31.4028%; height: 72px;\" width=\"264\">0624-521-065, 0624-521-040\/ 135<\/td>\r\n<td style=\"width: 17.9059%; height: 72px;\" width=\"165\"><a style=\"font-style: inherit;\" href=\"mailto:aljegyzo@dunavarsany.hu\">aljegyzo@dunavarsany.hu<\/a><\/td>\r\n<\/tr>\r\n<tr style=\"height: 72px;\">\r\n<td style=\"width: 25.0887%; height: 72px;\" width=\"217\">Bart\u00e1n\u00e9 Vass Ang\u00e9la<\/td>\r\n<td style=\"width: 24.5331%; height: 72px;\" width=\"290\">polg\u00e1rmesteri referens<\/td>\r\n<td style=\"width: 31.4028%; height: 72px;\" width=\"264\">0624-521-041, 0624-521-040\/ 111<\/td>\r\n<td style=\"width: 17.9059%; height: 72px;\" width=\"165\">\r\n<p><a style=\"font-style: inherit;\" href=\"mailto:titkarsag@dunavarsany.hu\">titkarsag@dunavarsany.hu<\/a><\/p>\r\n<p><a href=\"mailto:polgarmester@dunavarsany.hu\" target=\"_blank\" rel=\"noopener\">polgarmester@dunavarsany.hu<\/a><\/p>\r\n<\/td>\r\n<\/tr>\r\n<tr style=\"height: 72px;\">\r\n<td style=\"width: 25.0887%; height: 72px;\" width=\"217\">Horv\u00e1th Andrea<\/td>\r\n<td style=\"width: 24.5331%; height: 72px;\" width=\"290\">hum\u00e1npolitikai el\u0151ad\u00f3, jegyz\u0151i referens, anyak\u00f6nyvvezet\u0151<\/td>\r\n<td style=\"width: 31.4028%; height: 72px;\" width=\"264\">0624-521-049, 0624-521-040\/ 119<\/td>\r\n<td style=\"width: 17.9059%; height: 72px;\" width=\"165\"><a style=\"font-style: inherit;\" href=\"mailto:titkarsag@dunavarsany.hu\">titkarsag@dunavarsany.hu<\/a><\/td>\r\n<\/tr>\r\n<tr style=\"height: 72px;\">\r\n<td style=\"width: 25.0887%; height: 72px;\" width=\"217\">Szanyi Krisztina<\/td>\r\n<td style=\"width: 24.5331%; height: 72px;\" width=\"290\">test\u00fcleti referens, jegyz\u0151k\u00f6nyvvezet\u0151<\/td>\r\n<td style=\"width: 31.4028%; height: 72px;\" width=\"264\">0624-521-052, 0624-521-040\/ 131 \u00e9s 127<\/td>\r\n<td style=\"width: 17.9059%; height: 72px;\">\u00a0<a href=\"mailto:jegyzokonyvvezeto@dunavarsany.hu\" target=\"_blank\" rel=\"noopener\">jegyzokonyvvezeto@dunavarsany.<wbr \/>hu<\/a><\/td>\r\n<\/tr>\r\n<tr style=\"height: 24px;\">\r\n<td style=\"width: 25.0887%; height: 24px;\" width=\"217\">Dobronyi J\u00e1nosn\u00e9<\/td>\r\n<td style=\"width: 24.5331%; height: 24px;\" width=\"290\">recepci\u00f3<\/td>\r\n<td style=\"width: 31.4028%; height: 24px;\" width=\"264\">0624-521-040<\/td>\r\n<td style=\"width: 17.9059%; height: 24px;\">\u00a0<\/td>\r\n<\/tr>\r\n<tr style=\"height: 56px;\">\r\n<td style=\"width: 25.0887%; height: 56px;\">Jakab Judit<\/td>\r\n<td style=\"width: 24.5331%; height: 56px;\">int\u00e9zm\u00e9nyfel\u00fcgyeleti referens<\/td>\r\n<td style=\"width: 31.4028%; height: 56px;\">0624-521-040\/150<\/td>\r\n<td style=\"width: 17.9059%; height: 56px;\">\r\n<p><a href=\"mailto:intezmenyfelugyelet@dunavarsany.hu\">intezmenyfelugyelet@dunavarsany.hu<\/a><\/p>\r\n<\/td>\r\n<\/tr>\r\n<tr style=\"height: 48px;\">\r\n<td style=\"width: 25.0887%; height: 48px;\" width=\"217\">Kov\u00e1cs Aliz R\u00e9ka<\/td>\r\n<td style=\"width: 24.5331%; height: 48px;\" width=\"290\">Beruh\u00e1z\u00e1si \u00e9s M\u0171szaki Oszt\u00e1lyvezet\u0151<\/td>\r\n<td style=\"width: 31.4028%; height: 48px;\" width=\"264\">0624-521-045, 0624-521-040\/154<\/td>\r\n<td style=\"width: 17.9059%; height: 48px;\"><a href=\"mailto:muszak@dunavarsany.hu\">muszak@dunavarsany.hu<\/a><\/td>\r\n<\/tr>\r\n<tr style=\"height: 48px;\">\r\n<td style=\"width: 25.0887%; height: 48px;\" width=\"217\">Vojnits Csaba Ferenc<\/td>\r\n<td style=\"width: 24.5331%; height: 48px;\" width=\"290\">f\u0151\u00e9p\u00edt\u00e9sz<\/td>\r\n<td style=\"width: 31.4028%; height: 48px;\" width=\"264\">0624-521-040<\/td>\r\n<td style=\"width: 17.9059%; height: 48px; text-align: left;\"><a href=\"mailto:foepitesz@dunavarsany.hu\">foepitesz@dunavarsany.hu<\/a><\/td>\r\n<\/tr>\r\n<tr style=\"height: 184px;\">\r\n<td style=\"width: 25.0887%; height: 184px;\" width=\"217\">\r\n<p>Hajdu-Boros Barbara,<\/p>\r\n<p>Kereszt\u00e9ny Csaba,<\/p>\r\n<p>Kocsisn\u00e9 Sz\u00e1ger M\u00f3nika<\/p>\r\n<\/td>\r\n<td style=\"width: 24.5331%; height: 184px;\" width=\"290\">\r\n<p>m\u0171szaki el\u0151ad\u00f3<\/p>\r\n<p>m\u0171szaki el\u0151ad\u00f3<\/p>\r\n<p>m\u0171szaki el\u0151ad\u00f3<\/p>\r\n<\/td>\r\n<td style=\"width: 31.4028%; height: 184px;\" width=\"264\">\r\n<p>0624-521-040\/153,<\/p>\r\n<p>0624-521-040\/130,<\/p>\r\n<p>0624-521-040\/152<\/p>\r\n<p>06-24-521-083<\/p>\r\n<\/td>\r\n<td style=\"width: 17.9059%; height: 184px;\"><a href=\"mailto:muszak@dunavarsany.hu\">muszak@dunavarsany.hu<\/a><\/td>\r\n<\/tr>\r\n<tr style=\"height: 24px;\">\r\n<td style=\"width: 25.0887%; height: 24px;\" width=\"217\">Bukri Vikt\u00f3ria<\/td>\r\n<td style=\"width: 24.5331%; height: 24px;\" width=\"290\">beruh\u00e1z\u00e1si \u00fcgyint\u00e9z\u0151<\/td>\r\n<td style=\"width: 31.4028%; height: 24px;\" width=\"264\">0624-521-040\/222<\/td>\r\n<td style=\"width: 17.9059%; height: 24px;\">\u00a0<\/td>\r\n<\/tr>\r\n<tr style=\"height: 96px;\">\r\n<td style=\"width: 25.0887%; height: 96px;\" width=\"217\">\r\n<p>Kis G\u00e1bor +36 20 266 4652<\/p>\r\n<p>T\u00f3th Alad\u00e1r +36-20-215-8324<\/p>\r\n<p>Szab\u00f3 Krisztina +36202664332<\/p>\r\n<p>Grajcz\u00e1r L\u00e1szl\u00f3 +36202665109<\/p>\r\n<\/td>\r\n<td style=\"width: 24.5331%; height: 96px;\" width=\"290\">k\u00f6zter\u00fclet-fel\u00fcgyel\u0151k<\/td>\r\n<td style=\"width: 31.4028%; height: 96px;\" width=\"264\">0624-521-040\/137<\/td>\r\n<td style=\"width: 17.9059%; height: 96px;\"><a href=\"mailto:kozteruletfelugyelet@dunavarsany.hu\" target=\"_blank\" rel=\"noopener\">kozteruletfelugyelet@<wbr \/>dunavarsany.hu<\/a><\/td>\r\n<\/tr>\r\n<tr style=\"height: 24px;\">\r\n<td style=\"width: 25.0887%; height: 24px;\" width=\"217\">Schipeck S\u00e1ndor<\/td>\r\n<td style=\"width: 24.5331%; height: 24px;\" width=\"290\">mez\u0151\u0151r<\/td>\r\n<td style=\"width: 31.4028%; height: 24px;\" width=\"264\">0670-382-3660<\/td>\r\n<td style=\"width: 17.9059%; height: 24px;\">\u00a0<\/td>\r\n<\/tr>\r\n<tr style=\"height: 24px;\">\r\n<td style=\"width: 25.0887%; height: 24px;\" width=\"217\">\r\n<p>V\u00e9gh Anita mb.<\/p>\r\n<p>Baski Zsuzsanna<\/p>\r\n<\/td>\r\n<td style=\"width: 24.5331%; height: 24px;\" width=\"290\">\r\n<p>Gazdas\u00e1gi Oszt\u00e1lyvezet\u0151,<\/p>\r\n<p>p\u00e9nz\u00fcgyi el\u0151ad\u00f3<\/p>\r\n<\/td>\r\n<td style=\"width: 31.4028%; height: 24px;\" width=\"264\">0624-521-040\/123, 0624-521-040\/ 117<\/td>\r\n<td style=\"width: 17.9059%; height: 24px;\"><a href=\"mailto:penzugy@dunavarsany.hu\">penzugy@dunavarsany.hu<\/a><\/td>\r\n<\/tr>\r\n<tr style=\"height: 120px;\">\r\n<td style=\"width: 25.0887%; height: 120px;\" width=\"217\">Kormos L\u00e1szl\u00f3n\u00e9, Szab\u00f3 J\u00f3zsef S\u00e1ndorn\u00e9, Angyal Erika<\/td>\r\n<td style=\"width: 24.5331%; height: 120px;\" width=\"290\">p\u00e9nz\u00fcgyi el\u0151ad\u00f3k<\/td>\r\n<td style=\"width: 31.4028%; height: 120px;\" width=\"264\">0624-521-048, 0624-521-040\/ 115 \u00e9s 118<\/td>\r\n<td style=\"width: 17.9059%; height: 120px;\" width=\"165\"><a href=\"mailto:penzugy@dunavarsany.hu\">penzugy@dunavarsany.hu<\/a><\/td>\r\n<\/tr>\r\n<tr style=\"height: 96px;\">\r\n<td style=\"width: 25.0887%; height: 96px;\" width=\"217\">\r\n<p>Zelei Andrea, Pat\u00f3h\u00e1zi Katalin<\/p>\r\n<p>K\u0151szegi Di\u00e1na Vanda<\/p>\r\n<\/td>\r\n<td style=\"width: 24.5331%; height: 96px;\" width=\"290\">\r\n<p>ad\u00f3\u00fcgyi el\u0151ad\u00f3k<\/p>\r\n<p>&nbsp;<\/p>\r\n<p>&nbsp;<\/p>\r\n<p>majosh\u00e1zi ad\u00f3\u00fcgyi el\u0151ad\u00f3<\/p>\r\n<\/td>\r\n<td style=\"width: 31.4028%; height: 96px;\" width=\"264\">\r\n<p>0624-521-046, 0624-521-050, 0624-521-040\/ 116, 120<\/p>\r\n<p>06-24-521-<br \/>040\/138<\/p>\r\n<\/td>\r\n<td style=\"width: 17.9059%; height: 96px;\" width=\"165\">\r\n<p><a style=\"font-style: inherit;\" href=\"mailto:ado@dunavarsany.hu\">ado@dunavarsany.hu<\/a><\/p>\r\n<p>&nbsp;<\/p>\r\n<p>&nbsp;<\/p>\r\n<p><a href=\"mailto:ado@majoshaza.hu\">ado@majoshaza.hu<\/a><\/p>\r\n<\/td>\r\n<\/tr>\r\n<tr style=\"height: 120px;\">\r\n<td style=\"width: 25.0887%; height: 120px;\" width=\"217\">\r\n<p>H\u00f3dosn\u00e9 Mezei Ildik\u00f3, Korompai Zs\u00f3fia, Berendi Brigitta Csilla, T\u00f3th D\u00f3ra<\/p>\r\n<\/td>\r\n<td style=\"width: 24.5331%; height: 120px;\" width=\"290\">p\u00e9nz\u00fcgyi el\u0151ad\u00f3k<\/td>\r\n<td style=\"width: 31.4028%; height: 120px;\" width=\"264\">0624-521-040\/149, 0624-521-040\/114 0624-521-040\/ 148, 0624-521-040\/ 129<\/td>\r\n<td style=\"width: 17.9059%; height: 120px;\" width=\"165\"><a href=\"mailto:penzugy@dunavarsany.hu\">penzugy@dunavarsany.hu<\/a><\/td>\r\n<\/tr>\r\n<tr style=\"height: 24px;\">\r\n<td style=\"width: 25.0887%; height: 24px;\" width=\"217\">Lex Lilla Beatrix<\/td>\r\n<td style=\"width: 24.5331%; height: 24px;\" width=\"290\">Igazgat\u00e1si Oszt\u00e1lyvezet\u0151<\/td>\r\n<td style=\"width: 31.4028%; height: 24px;\" width=\"264\">0624-521-040\/ 150<\/td>\r\n<td style=\"width: 17.9059%; height: 24px;\"><a href=\"mailto:igazgatas@dunavarsany.hu\">igazgatas@dunavarsany.hu<\/a><\/td>\r\n<\/tr>\r\n<tr style=\"height: 48px;\">\r\n<td style=\"width: 25.0887%; height: 48px;\" width=\"217\">Kov\u00e1cs N\u00f3ra<\/td>\r\n<td style=\"width: 24.5331%; height: 48px;\" width=\"290\">igazgat\u00e1si el\u0151ad\u00f3, anyak\u00f6nyvvezet\u0151<\/td>\r\n<td style=\"width: 31.4028%; height: 48px;\" width=\"264\">0624-521-040\/ 151\u00a0<\/td>\r\n<td style=\"width: 17.9059%; height: 48px;\">\r\n<p><a href=\"mailto:igazgatas@dunavarsany.hu\">igazgatas@dunavarsany.hu<\/a><\/p>\r\n<p><a href=\"mailto:kovacs.nora@dunavarsany.hu\" target=\"_blank\" rel=\"noopener\">kovacs.nora@dunavarsany.hu<\/a><\/p>\r\n<\/td>\r\n<\/tr>\r\n<tr style=\"height: 96px;\">\r\n<td style=\"width: 25.0887%; height: 96px;\" width=\"217\">\r\n<p>Garai Petra Fanni<\/p>\r\n<\/td>\r\n<td style=\"width: 24.5331%; height: 96px;\" width=\"290\">igazgat\u00e1si el\u0151ad\u00f3, birtokv\u00e9delem, \u00e1llatv\u00e9delem, adatv\u00e9delmi tisztvisel\u0151<\/td>\r\n<td style=\"width: 31.4028%; height: 96px;\" width=\"264\">0624-521-040\/ 124<\/td>\r\n<td style=\"width: 17.9059%; height: 96px;\"><a href=\"mailto:garai.petra@dunavarsany.hu\" target=\"_blank\" rel=\"noopener\">garai.petra@dunavarsany.hu<\/a><\/td>\r\n<\/tr>\r\n<tr style=\"height: 48px;\">\r\n<td style=\"width: 25.0887%; height: 48px;\">V\u00e9gh Adrienn<\/td>\r\n<td style=\"width: 24.5331%; height: 48px;\">igazgat\u00e1si el\u0151ad\u00f3, szoci\u00e1lis \u00fcgyek<\/td>\r\n<td style=\"width: 31.4028%; height: 48px;\">0624-521-040\/ 121<\/td>\r\n<td style=\"width: 17.9059%; height: 48px;\"><a href=\"mailto:igazgatas@dunavarsany.hu\">igazgatas@dunavarsany.hu<\/a><\/td>\r\n<\/tr>\r\n<tr style=\"height: 24px;\">\r\n<td style=\"width: 25.0887%; height: 24px;\" width=\"217\">Hidegf\u00f6ldi \u00c1gnes<\/td>\r\n<td style=\"width: 24.5331%; height: 24px;\" width=\"290\">iktat\u00f3<\/td>\r\n<td style=\"width: 31.4028%; height: 24px;\" width=\"264\">0624-521-040\/132<\/td>\r\n<td style=\"width: 17.9059%; height: 24px;\">\u00a0<\/td>\r\n<\/tr>\r\n<tr style=\"height: 48px;\">\r\n<td style=\"width: 25.0887%; height: 48px;\" width=\"217\">Majosh\u00e1zi hivatal el\u00e9rhet\u0151s\u00e9ge<\/td>\r\n<td style=\"width: 24.5331%; height: 48px;\" width=\"290\">\u00a0<\/td>\r\n<td style=\"width: 31.4028%; height: 48px;\" width=\"264\">0624-511-830, Fax: 0624-511-831<\/td>\r\n<td style=\"width: 17.9059%; height: 48px;\">\u00a0<\/td>\r\n<\/tr>\r\n<tr style=\"height: 48px;\">\r\n<td style=\"width: 25.0887%; height: 48px;\" width=\"217\">K\u0151szegi Di\u00e1na Vanda<\/td>\r\n<td style=\"width: 24.5331%; height: 48px;\" width=\"290\">ad\u00f3\u00fcgyi el\u0151ad\u00f3<\/td>\r\n<td style=\"width: 31.4028%; height: 48px;\" width=\"264\">\u00a0<\/td>\r\n<td style=\"width: 17.9059%; height: 48px;\" width=\"165\"><a href=\"mailto:ado@majoshaza.hu\">ado@majoshaza.hu<\/a><\/td>\r\n<\/tr>\r\n<tr style=\"height: 48px;\">\r\n<td style=\"width: 25.0887%; height: 48px;\" width=\"217\">Kov\u00e1cs N\u00f3ra<\/td>\r\n<td style=\"width: 24.5331%; height: 48px;\" width=\"290\">igazgat\u00e1si el\u0151ad\u00f3, anyak\u00f6nyvvezet\u0151<\/td>\r\n<td style=\"width: 31.4028%; height: 48px;\" width=\"264\">\u00a0<\/td>\r\n<td style=\"width: 17.9059%; height: 48px;\" width=\"165\"><a href=\"mailto:anyakonyv@majoshaza.hu\">anyakonyv@majoshaza.hu<\/a><\/td>\r\n<\/tr>\r\n<tr style=\"height: 24px;\">\r\n<td style=\"width: 25.0887%; height: 24px;\" width=\"217\">Szab\u00f3 Zsuzsanna<\/td>\r\n<td style=\"width: 24.5331%; height: 24px;\" width=\"290\">igazgat\u00e1si el\u0151ad\u00f3<\/td>\r\n<td style=\"width: 31.4028%; height: 24px;\" width=\"264\">\u00a0<\/td>\r\n<td style=\"width: 17.9059%; height: 24px;\" width=\"165\"><a href=\"mailto:igazgatas@majoshaza.hu\">igazgatas@majoshaza.hu<\/a><\/td>\r\n<\/tr>\r\n<tr style=\"height: 48px;\">\r\n<td style=\"width: 25.0887%; height: 48px;\" width=\"217\">Kov\u00e1cs S\u00e1ndorn\u00e9<\/td>\r\n<td style=\"width: 24.5331%; height: 48px;\" width=\"290\">test\u00fcleti referens, polg\u00e1rmesteri referens<\/td>\r\n<td style=\"width: 31.4028%; height: 48px;\" width=\"264\">\u00a0<\/td>\r\n<td style=\"width: 17.9059%; height: 48px;\" width=\"165\"><a style=\"font-style: inherit;\" href=\"mailto:titkarsag@majoshaza.hu\">titkarsag@majoshaza.hu<\/a><\/td>\r\n<\/tr>\r\n<\/tbody>\r\n<\/table>\r\n\r\n<ul class=\"wp-block-list\">\r\n<li><a href=\"https:\/\/dunavarsany.hu\/wp-content\/uploads\/2023\/10\/HIVATAL-BANKSZAMLASZAMA-HONLAPRA_2023_10_01.pdf\">Dunavars\u00e1nyi K\u00f6z\u00f6s \u00d6nkorm\u00e1nyzati Hivatal banksz\u00e1mlasz\u00e1ma<\/a><\/li>\r\n<li><a href=\"https:\/\/dunavarsany.hu\/index.php\/kozbeszerzes\">K\u00f6zbeszerz\u00e9s<\/a><\/li>\r\n<li><a href=\"https:\/\/dunavarsany.hu\/index.php\/kozerdeku-adatok\">K\u00f6z\u00e9rdek\u0171 adatok<\/a><\/li>\r\n<li><a href=\"https:\/\/dunavarsany.hu\/index.php\/ugyintezes\">\u00dcgyint\u00e9z\u00e9s<\/a><\/li>\r\n<li><a href=\"https:\/\/dunavarsany.hu\/index.php\/elektronikus-ugyintezes\">Elektronikus \u00fcgyint\u00e9z\u00e9s<\/a><\/li>\r\n<li><a href=\"https:\/\/dunavarsany.hu\/index.php\/szmsz\">SzMSz<\/a><\/li>\r\n<li><a href=\"https:\/\/dunavarsany.hu\/index.php\/keop-palyazat\">KEOP P\u00e1ly\u00e1zat<\/a><\/li>\r\n<li><a href=\"https:\/\/dunavarsany.hu\/index.php\/arop-palyazat\">\u00c1ROP P\u00e1ly\u00e1zat<\/a><\/li>\r\n<li><a href=\"https:\/\/dunavarsany.hu\/index.php\/telepulesfejlesztes\">Telep\u00fcl\u00e9sfejleszt\u00e9s<\/a><\/li>\r\n<li><a href=\"https:\/\/dunavarsany.hu\/index.php\/telepulesrendezesi-eszkozok\">Telep\u00fcl\u00e9srendez\u00e9si eszk\u00f6z\u00f6k<\/a><\/li>\r\n<li><a href=\"https:\/\/dunavarsany.hu\/index.php\/2022\/11\/15\/terfigyelo-kamerarendszer-lista-dunavarsany-2022\/\">T\u00e9rfigyel\u0151 kamerarendszer &#8211; lista<\/a><\/li>\r\n<li><a href=\"https:\/\/dunavarsany.hu\/index.php\/perkapu-dokumentumok\">Perkapu dokumentumok<\/a><\/li>\r\n<\/ul>\r\n","protected":false},"excerpt":{"rendered":"<div class=\"mh-excerpt\"><p>Szervez\u00e9si \u00e9s \u00d6nkorm\u00e1nyzati Oszt\u00e1ly\u00a0torvenyesseg@dunavarsany.huBeruh\u00e1z\u00e1si \u00e9s M\u0171szaki Oszt\u00e1ly muszak@dunavarsany.huGazdas\u00e1gi Oszt\u00e1ly\u00a0penzugy@dunavarsany.huIgazgat\u00e1si Oszt\u00e1ly\u00a0igazgatas@dunavarsany.huMajosh\u00e1zi Kirendelts\u00e9g titkarsag@majoshaza.hu &nbsp; Dunavars\u00e1nyi K\u00f6z\u00f6s \u00d6nkorm\u00e1nyzati Hivatal banksz\u00e1mlasz\u00e1ma K\u00f6zbeszerz\u00e9s K\u00f6z\u00e9rdek\u0171 adatok \u00dcgyint\u00e9z\u00e9s Elektronikus \u00fcgyint\u00e9z\u00e9s SzMSz KEOP P\u00e1ly\u00e1zat \u00c1ROP P\u00e1ly\u00e1zat Telep\u00fcl\u00e9sfejleszt\u00e9s Telep\u00fcl\u00e9srendez\u00e9si eszk\u00f6z\u00f6k T\u00e9rfigyel\u0151 kamerarendszer &#8211; <a class=\"mh-excerpt-more\" href=\"https:\/\/dunavarsany.hu\/index.php\/hivatal\/\" title=\"Hivatal\">[&#8230;]<\/a><\/p>\n<\/div>","protected":false},"author":2,"featured_media":0,"parent":0,"menu_order":0,"comment_status":"closed","ping_status":"closed","template":"","meta":{"footnotes":""},"class_list":["post-5444","page","type-page","status-publish"],"_links":{"self":[{"href":"https:\/\/dunavarsany.hu\/index.php\/wp-json\/wp\/v2\/pages\/5444","targetHints":{"allow":["GET"]}}],"collection":[{"href":"https:\/\/dunavarsany.hu\/index.php\/wp-json\/wp\/v2\/pages"}],"about":[{"href":"https:\/\/dunavarsany.hu\/index.php\/wp-json\/wp\/v2\/types\/page"}],"author":[{"embeddable":true,"href":"https:\/\/dunavarsany.hu\/index.php\/wp-json\/wp\/v2\/users\/2"}],"replies":[{"embeddable":true,"href":"https:\/\/dunavarsany.hu\/index.php\/wp-json\/wp\/v2\/comments?post=5444"}],"version-history":[{"count":53,"href":"https:\/\/dunavarsany.hu\/index.php\/wp-json\/wp\/v2\/pages\/5444\/revisions"}],"predecessor-version":[{"id":15092,"href":"https:\/\/dunavarsany.hu\/index.php\/wp-json\/wp\/v2\/pages\/5444\/revisions\/15092"}],"wp:attachment":[{"href":"https:\/\/dunavarsany.hu\/index.php\/wp-json\/wp\/v2\/media?parent=5444"}],"curies":[{"name":"wp","href":"https:\/\/api.w.org\/{rel}","templated":true}]}}