{"id":5439,"date":"2020-07-20T12:11:53","date_gmt":"2020-07-20T12:11:53","guid":{"rendered":"http:\/\/localhost\/dunavarsany.hu\/?page_id=5439"},"modified":"2021-08-30T09:20:02","modified_gmt":"2021-08-30T09:20:02","slug":"kozos-onkormanyzati-hivatal","status":"publish","type":"page","link":"https:\/\/dunavarsany.hu\/index.php\/kozos-onkormanyzati-hivatal\/","title":{"rendered":"K\u00f6z\u00f6s \u00f6nkorm\u00e1nyzati hivatal"},"content":{"rendered":"<h3 id=\"cont214307\" class=\"cont\" style=\"text-align: center;\">Dunavars\u00e1ny V\u00e1ros \u00d6nkorm\u00e1nyzata<\/h3>\n<h3 class=\"cont\" style=\"text-align: center;\">DUNAVARS\u00c1NYI K\u00d6Z\u00d6S \u00d6NKORM\u00c1NYZATI HIVATAL<\/h3>\n<div><\/div>\n<p><strong>Kapcsolat:<\/strong><\/p>\n<div class=\"cont\">C\u00edm: 2336 Dunavars\u00e1ny, Kossuth Lajos utca 18.<\/div>\n<div class=\"cont\">Telefon: 0624-521-040<\/div>\n<div class=\"cont\">Fax: 0624-521-056<\/div>\n<div class=\"cont\">\u00dcgyf\u00e9lszolg\u00e1lat\/titk\u00e1rs\u00e1g: titkarsag@dunavarsany.hu<\/div>\n<div><\/div>\n<div class=\"cont\"><strong>Nyitvatart\u00e1s, dunavars\u00e1nyi kirendelts\u00e9g:<\/strong><\/div>\n<div>\n<div class=\"textwidget\">\n<p>H\u00e9tf\u0151: 13.00-17.00<br \/>\nSzerda: 8.00-12.00 13.00-16.00<br \/>\nP\u00e9ntek: 8.00-12.00<\/p>\n<\/div>\n<\/div>\n","protected":false},"excerpt":{"rendered":"<div class=\"mh-excerpt\"><p>Dunavars\u00e1ny V\u00e1ros \u00d6nkorm\u00e1nyzata DUNAVARS\u00c1NYI K\u00d6Z\u00d6S \u00d6NKORM\u00c1NYZATI HIVATAL Kapcsolat: C\u00edm: 2336 Dunavars\u00e1ny, Kossuth Lajos utca 18. Telefon: 0624-521-040 Fax: 0624-521-056 \u00dcgyf\u00e9lszolg\u00e1lat\/titk\u00e1rs\u00e1g: titkarsag@dunavarsany.hu Nyitvatart\u00e1s, dunavars\u00e1nyi kirendelts\u00e9g: H\u00e9tf\u0151: 13.00-17.00 Szerda: 8.00-12.00 13.00-16.00 P\u00e9ntek: 8.00-12.00<\/p>\n<\/div>","protected":false},"author":2,"featured_media":0,"parent":0,"menu_order":0,"comment_status":"closed","ping_status":"closed","template":"","meta":{"footnotes":""},"class_list":["post-5439","page","type-page","status-publish"],"_links":{"self":[{"href":"https:\/\/dunavarsany.hu\/index.php\/wp-json\/wp\/v2\/pages\/5439","targetHints":{"allow":["GET"]}}],"collection":[{"href":"https:\/\/dunavarsany.hu\/index.php\/wp-json\/wp\/v2\/pages"}],"about":[{"href":"https:\/\/dunavarsany.hu\/index.php\/wp-json\/wp\/v2\/types\/page"}],"author":[{"embeddable":true,"href":"https:\/\/dunavarsany.hu\/index.php\/wp-json\/wp\/v2\/users\/2"}],"replies":[{"embeddable":true,"href":"https:\/\/dunavarsany.hu\/index.php\/wp-json\/wp\/v2\/comments?post=5439"}],"version-history":[{"count":5,"href":"https:\/\/dunavarsany.hu\/index.php\/wp-json\/wp\/v2\/pages\/5439\/revisions"}],"predecessor-version":[{"id":8468,"href":"https:\/\/dunavarsany.hu\/index.php\/wp-json\/wp\/v2\/pages\/5439\/revisions\/8468"}],"wp:attachment":[{"href":"https:\/\/dunavarsany.hu\/index.php\/wp-json\/wp\/v2\/media?parent=5439"}],"curies":[{"name":"wp","href":"https:\/\/api.w.org\/{rel}","templated":true}]}}