{"id":5409,"date":"2020-07-13T08:58:58","date_gmt":"2020-07-13T08:58:58","guid":{"rendered":"http:\/\/localhost\/dunavarsany.hu\/?page_id=5409"},"modified":"2020-07-13T08:58:58","modified_gmt":"2020-07-13T08:58:58","slug":"egyhazak","status":"publish","type":"page","link":"https:\/\/dunavarsany.hu\/index.php\/egyhazak\/","title":{"rendered":"Egyh\u00e1zak"},"content":{"rendered":"\n<ul class=\"wp-block-list\"><li><a href=\"https:\/\/dunavarsany.hu\/index.php\/intezmenyek\/egyhazak?id=426\">Katolikus Egyh\u00e1z<\/a><\/li><li><a href=\"https:\/\/dunavarsany.hu\/index.php\/intezmenyek\/egyhazak?id=442\">Reform\u00e1tus Egyh\u00e1z<\/a><\/li><li><a href=\"https:\/\/dunavarsany.hu\/dokumentumok\/Evangelikus%20Egyhazkozseg.pdf\" target=\"_blank\" rel=\"noreferrer noopener\">Dunaharaszti Evang\u00e9likus Egyh\u00e1zk\u00f6zs\u00e9g<\/a><\/li><\/ul>\n","protected":false},"excerpt":{"rendered":"<div class=\"mh-excerpt\"><p>Katolikus Egyh\u00e1z Reform\u00e1tus Egyh\u00e1z Dunaharaszti Evang\u00e9likus Egyh\u00e1zk\u00f6zs\u00e9g<\/p>\n<\/div>","protected":false},"author":2,"featured_media":0,"parent":0,"menu_order":0,"comment_status":"closed","ping_status":"closed","template":"","meta":{"footnotes":""},"class_list":["post-5409","page","type-page","status-publish"],"_links":{"self":[{"href":"https:\/\/dunavarsany.hu\/index.php\/wp-json\/wp\/v2\/pages\/5409","targetHints":{"allow":["GET"]}}],"collection":[{"href":"https:\/\/dunavarsany.hu\/index.php\/wp-json\/wp\/v2\/pages"}],"about":[{"href":"https:\/\/dunavarsany.hu\/index.php\/wp-json\/wp\/v2\/types\/page"}],"author":[{"embeddable":true,"href":"https:\/\/dunavarsany.hu\/index.php\/wp-json\/wp\/v2\/users\/2"}],"replies":[{"embeddable":true,"href":"https:\/\/dunavarsany.hu\/index.php\/wp-json\/wp\/v2\/comments?post=5409"}],"version-history":[{"count":0,"href":"https:\/\/dunavarsany.hu\/index.php\/wp-json\/wp\/v2\/pages\/5409\/revisions"}],"wp:attachment":[{"href":"https:\/\/dunavarsany.hu\/index.php\/wp-json\/wp\/v2\/media?parent=5409"}],"curies":[{"name":"wp","href":"https:\/\/api.w.org\/{rel}","templated":true}]}}