{"id":5372,"date":"2020-07-01T14:12:29","date_gmt":"2020-07-01T14:12:29","guid":{"rendered":"http:\/\/localhost\/dunavarsany.hu\/?page_id=5372"},"modified":"2024-12-09T19:46:21","modified_gmt":"2024-12-09T19:46:21","slug":"polgarmesteri-koszonto","status":"publish","type":"page","link":"https:\/\/dunavarsany.hu\/index.php\/polgarmesteri-koszonto\/","title":{"rendered":"Polg\u00e1rmesteri k\u00f6sz\u00f6nt\u0151"},"content":{"rendered":"\r\n<h3 class=\"wp-block-heading\">\u00dcdv\u00f6z\u00f6lj\u00fck Dunavars\u00e1nyban!<\/h3>\r\n\r\n\r\n\r\n<div class=\"wp-block-image\">\r\n<figure class=\"alignright size-large is-resized\"><a href=\"https:\/\/dunavarsany.hu\/wp-content\/uploads\/2024\/11\/461688289_122107860884539229_1806625058679981996_n.jpg\"><img loading=\"lazy\" decoding=\"async\" class=\"alignnone wp-image-13091 size-medium\" src=\"https:\/\/dunavarsany.hu\/wp-content\/uploads\/2024\/11\/461688289_122107860884539229_1806625058679981996_n-228x300.jpg\" alt=\"\" width=\"228\" height=\"300\" srcset=\"https:\/\/dunavarsany.hu\/wp-content\/uploads\/2024\/11\/461688289_122107860884539229_1806625058679981996_n-228x300.jpg 228w, https:\/\/dunavarsany.hu\/wp-content\/uploads\/2024\/11\/461688289_122107860884539229_1806625058679981996_n-777x1024.jpg 777w, https:\/\/dunavarsany.hu\/wp-content\/uploads\/2024\/11\/461688289_122107860884539229_1806625058679981996_n-768x1012.jpg 768w, https:\/\/dunavarsany.hu\/wp-content\/uploads\/2024\/11\/461688289_122107860884539229_1806625058679981996_n-1166x1536.jpg 1166w, https:\/\/dunavarsany.hu\/wp-content\/uploads\/2024\/11\/461688289_122107860884539229_1806625058679981996_n.jpg 1554w\" sizes=\"auto, (max-width: 228px) 100vw, 228px\" \/><\/a><\/figure>\r\n<\/div>\r\n\r\n\r\n\r\n<p style=\"text-align: justify;\">Tisztelt L\u00e1togat\u00f3!<\/p>\r\n<p style=\"text-align: justify;\">Szeretettel k\u00f6sz\u00f6nt\u00f6m \u00d6nt Dunavars\u00e1ny v\u00e1ros hivatalos honlapj\u00e1n. \u00d6r\u00f6m\u00f6mre szolg\u00e1l, hogy v\u00e1rosunk ir\u00e1nt \u00e9rdekl\u0151dve felkereste e port\u00e1lt, amelyet \u00d6nnek k\u00e9sz\u00edtett\u00fcnk.<\/p>\r\n<p style=\"text-align: justify;\">Ak\u00e1r v\u00e1rosunk lak\u00f3ja, ak\u00e1r a vend\u00e9g\u00fcnk, vagy a vil\u00e1gh\u00e1l\u00f3n barangolva fedezte fel oldalunkat, rem\u00e9lj\u00fck, hogy tartalmaink k\u00f6z\u00f6tt hasznos \u00e9s \u00e9rdekl\u0151d\u00e9sre sz\u00e1mot tart\u00f3 inform\u00e1ci\u00f3kat tal\u00e1l. Dunavars\u00e1ny mai k\u00f6zigazgat\u00e1si ter\u00fclete t\u00f6bb mint 1000 \u00e9ve lakott. 2004-ben v\u00e1ross\u00e1 avatt\u00e1k. Magyarorsz\u00e1g k\u00f6z\u00e9ps\u0151 r\u00e9sz\u00e9n, Pest v\u00e1rmegy\u00e9ben, a Szigetszentmikl\u00f3si j\u00e1r\u00e1sban, a budapesti agglomer\u00e1ci\u00f3ban helyezkedik el, a gy\u00f6ny\u00f6r\u0171 R\u00e1ckevei-Duna bal partj\u00e1n. Dunavars\u00e1ny v\u00e1rosr\u00e9szei az \u00fagynevezett kisvars\u00e1nyi \u00e9s nagyvars\u00e1nyi ter\u00fcletek, a Kis-Duna partja, a Forr\u00e1s \u00e9s a Napr\u00f3zsa lak\u00f3park jelentik nek\u00fcnk az otthont. Az er\u0151sen tagolt v\u00e1rosr\u00e9szek ellen\u00e9re mi egy vend\u00e9gszeret\u0151, szorgalmas, \u00f6sszetart\u00f3 k\u00f6z\u00f6ss\u00e9g vagyunk, mert Dunavars\u00e1ny k\u00f6z\u00f6ss\u00e9g\u00fcnk otthona \u00e9s j\u00f6v\u0151nk alapja. V\u00e1rosunk \u00e9s t\u00e9rs\u00e9ge sz\u00e1mtalan \u00e9rt\u00e9kkel, l\u00e1tnival\u00f3val, nevezetess\u00e9ggel rendelkezik, akt\u00edv kultur\u00e1lis \u00e9s sport\u00e9lete sz\u00ednvonalas.<\/p>\r\n<p style=\"text-align: justify;\">Szeretettel v\u00e1rjuk, gy\u0151z\u0151dj\u00f6n meg r\u00f3la. Amennyiben megtisztelt bizalm\u00e1val \u00e9s hozz\u00e1nk fordul b\u00e1rmilyen k\u00e9rd\u00e9s\u00e9vel, munkat\u00e1rsaimmal \u00fcgyf\u00e9lbar\u00e1t polg\u00e1rmesteri hivatalban fogadjuk \u00d6nt.<\/p>\r\n<p style=\"text-align: justify;\">Tisztelettel,<\/p>\r\n<p style=\"text-align: justify;\">Keresztesi Bal\u00e1zs polg\u00e1rmester<\/p>\r\n\r\n\r\n<hr class=\"wp-block-separator\" \/>\r\n\r\n\r\n<h3 class=\"wp-block-heading\">A telep\u00fcl\u00e9s orsz\u00e1ggy\u0171l\u00e9si k\u00e9pvisel\u0151je<\/h3>\r\n\r\n\r\n\r\n<p>B\u00f3na Zolt\u00e1n\u00a0<br \/>El\u00e9rhet\u0151s\u00e9gei:<\/p>\r\n\r\n\r\n\r\n<div class=\"wp-block-image\">\r\n<figure class=\"alignright size-large is-resized\"><img loading=\"lazy\" decoding=\"async\" class=\"wp-image-6014\" src=\"https:\/\/dunavarsany.hu\/wp-content\/uploads\/2020\/08\/Bona_Zoltan_PES08_PORT-912x1024.png\" alt=\"\" width=\"185\" height=\"207\" srcset=\"https:\/\/dunavarsany.hu\/wp-content\/uploads\/2020\/08\/Bona_Zoltan_PES08_PORT-912x1024.png 912w, https:\/\/dunavarsany.hu\/wp-content\/uploads\/2020\/08\/Bona_Zoltan_PES08_PORT-267x300.png 267w, https:\/\/dunavarsany.hu\/wp-content\/uploads\/2020\/08\/Bona_Zoltan_PES08_PORT-768x862.png 768w, https:\/\/dunavarsany.hu\/wp-content\/uploads\/2020\/08\/Bona_Zoltan_PES08_PORT.png 1144w\" sizes=\"auto, (max-width: 185px) 100vw, 185px\" \/><\/figure>\r\n<\/div>\r\n\r\n\r\n\r\n<p>Kapcsolattart\u00f3: Janzs\u00f3 Zsuzsanna<br \/>Levelez\u00e9si c\u00edm:2310 Szigetszentmikl\u00f3s, Kossuth Lajos utca 10.<br \/>Telefon: 06\/24 410-870, 06\/70 376-5956<br \/>e-mail:\u00a0<a href=\"mailto:bona.zoltan@parlament.hu\">bona.zoltan@parlament.hu<\/a>\u00a0&#8211;\u00a0<a href=\"mailto:janzso.zsuzsanna@fidesz.hu\">janzso.zsuzsanna@fidesz.hu<\/a><br \/>Honlap: www.bonazoltan.hu<\/p>\r\n\r\n\r\n\r\n<p>&nbsp;<\/p>\r\n","protected":false},"excerpt":{"rendered":"<div class=\"mh-excerpt\"><p>\u00dcdv\u00f6z\u00f6lj\u00fck Dunavars\u00e1nyban! Tisztelt L\u00e1togat\u00f3! Szeretettel k\u00f6sz\u00f6nt\u00f6m \u00d6nt Dunavars\u00e1ny v\u00e1ros hivatalos honlapj\u00e1n. \u00d6r\u00f6m\u00f6mre szolg\u00e1l, hogy v\u00e1rosunk ir\u00e1nt \u00e9rdekl\u0151dve felkereste e port\u00e1lt, amelyet \u00d6nnek k\u00e9sz\u00edtett\u00fcnk. Ak\u00e1r v\u00e1rosunk lak\u00f3ja, ak\u00e1r a vend\u00e9g\u00fcnk, vagy a vil\u00e1gh\u00e1l\u00f3n barangolva fedezte fel <a class=\"mh-excerpt-more\" href=\"https:\/\/dunavarsany.hu\/index.php\/polgarmesteri-koszonto\/\" title=\"Polg\u00e1rmesteri k\u00f6sz\u00f6nt\u0151\">[&#8230;]<\/a><\/p>\n<\/div>","protected":false},"author":2,"featured_media":0,"parent":0,"menu_order":0,"comment_status":"closed","ping_status":"closed","template":"","meta":{"footnotes":""},"class_list":["post-5372","page","type-page","status-publish"],"_links":{"self":[{"href":"https:\/\/dunavarsany.hu\/index.php\/wp-json\/wp\/v2\/pages\/5372","targetHints":{"allow":["GET"]}}],"collection":[{"href":"https:\/\/dunavarsany.hu\/index.php\/wp-json\/wp\/v2\/pages"}],"about":[{"href":"https:\/\/dunavarsany.hu\/index.php\/wp-json\/wp\/v2\/types\/page"}],"author":[{"embeddable":true,"href":"https:\/\/dunavarsany.hu\/index.php\/wp-json\/wp\/v2\/users\/2"}],"replies":[{"embeddable":true,"href":"https:\/\/dunavarsany.hu\/index.php\/wp-json\/wp\/v2\/comments?post=5372"}],"version-history":[{"count":5,"href":"https:\/\/dunavarsany.hu\/index.php\/wp-json\/wp\/v2\/pages\/5372\/revisions"}],"predecessor-version":[{"id":13197,"href":"https:\/\/dunavarsany.hu\/index.php\/wp-json\/wp\/v2\/pages\/5372\/revisions\/13197"}],"wp:attachment":[{"href":"https:\/\/dunavarsany.hu\/index.php\/wp-json\/wp\/v2\/media?parent=5372"}],"curies":[{"name":"wp","href":"https:\/\/api.w.org\/{rel}","templated":true}]}}