{"id":13773,"date":"2025-04-04T11:25:21","date_gmt":"2025-04-04T11:25:21","guid":{"rendered":"https:\/\/dunavarsany.hu\/?page_id=13773"},"modified":"2025-04-04T11:27:34","modified_gmt":"2025-04-04T11:27:34","slug":"akikre-buszkek-vagyunk","status":"publish","type":"page","link":"https:\/\/dunavarsany.hu\/index.php\/polgarmesteri-koszonto\/akikre-buszkek-vagyunk\/","title":{"rendered":"Kit\u00fcntetettjeink"},"content":{"rendered":"<div><strong>D\u00edszpolg\u00e1ri c\u00edmek:<\/strong><\/div>\n<div><\/div>\n<div>1. Fon\u00f3di S\u00e1ndor 11\/1994. (VII. 28.)<\/div>\n<div>2. V\u00e1gi L\u00e1szl\u00f3 193\/1996. (VI. 04.)<\/div>\n<div>3. Kom\u00e1romi Istv\u00e1n 74\/2010. (IV. 15.)<\/div>\n<div>4. Farag\u00f3 K\u00e1roly 162\/2013. (X. 15.)<\/div>\n<div>5. K\u00f6n\u00f6zsi L\u00e1szl\u00f3 79\/2014. (V. 29.)<\/div>\n<div>6. Kleineisel Gy\u00f6rgy 87\/2016. (IV. 12.)<\/div>\n<div>7. Szab\u00f3 Csab\u00e1n\u00e9 48\/2019. (III. 12.)<\/div>\n<div>8. Dr. B\u00f3na Zolt\u00e1n 43\/2021. (IV. 21.)<\/div>\n<div>9. Kis-Rabota S\u00e1ndor 110\/2022. (VII. 12.)<\/div>\n<div>10. Ullmann J\u00f3zsefn\u00e9 71\/2024. (IV. 9.)<\/div>\n<div><\/div>\n<div>\n<div><strong>Dunavars\u00e1ny K\u00f6zszolg\u00e1lat\u00e1\u00e9rt kit\u00fcntet\u0151 c\u00edmek<\/strong><\/div>\n<div><\/div>\n<div>1. Schuszter Istv\u00e1nn\u00e9 73\/2010. (IV. 15.)<\/div>\n<div>2. Keresztesi K\u00e1rolyn\u00e9 68\/2011. (IV. 12.)<\/div>\n<div>3. Gyurasics G\u00e1born\u00e9 61\/2012. (IV. 10.)<\/div>\n<div>4. V\u00e1s\u00e1rhelyi Em\u0151ke 57\/2013. (IV. 9.)<\/div>\n<div>5. Csoboly\u00f3 Mikl\u00f3sn\u00e9 58\/2013. (IV. 9.)<\/div>\n<div>6. Zezula Tibor 65\/2014. (IV. 15.)<\/div>\n<div>7. Bakos Andr\u00e1sn\u00e9 66\/2014. (IV. 15.)<\/div>\n<div>8. V\u00e1s\u00e1rhelyi Judit 72\/2015. (IV. 14.)<\/div>\n<div>9. Vereb\u00e9ly Andrea 85\/2016. (IV. 12.)<\/div>\n<div>10. Vas Zolt\u00e1nn\u00e9 86\/2016. (IV. 12.)<\/div>\n<div>11. Dr. Kun L\u00e1szl\u00f3n\u00e9 101\/2017. (IV. 18.)<\/div>\n<div>12. T\u00f3th L\u00e1szl\u00f3n\u00e9 71\/2018. (IV. 24.)<\/div>\n<div>13. T\u00f3thn\u00e9 B\u00edr\u00f3 Katalin 72\/2018. (IV. 24.)<\/div>\n<div>14. Lindwurmn\u00e9 N\u00e9meth M\u00e1ria 44\/2021. (IV. 21.)<\/div>\n<div>15. Mekler Andrea 45\/2021. (IV. 21.)<\/div>\n<div>16. Zezul\u00e1n\u00e9 Loczki Judit 66\/2022. (IV. 12.)<\/div>\n<div>17. L\u00e1z\u00e1r Mih\u00e1lyn\u00e9 71\/2023. (IV. 18.)<\/div>\n<div>18. V\u00e9gh Ildik\u00f3 70\/2024. (IV. 9.)<\/div>\n<\/div>\n<div><\/div>\n<div>\n<div><strong>Dunavars\u00e1ny Kult\u00far\u00e1j\u00e1\u00e9rt kit\u00fcntet\u0151 c\u00edmek<\/strong><\/div>\n<div><\/div>\n<div>1. Szikora Ferencn\u00e9 13\/2017. (I. 17.)<\/div>\n<div>2. Koh\u00e1n J\u00f3zsef 244\/2018. (XII. 11.)<\/div>\n<div>3. Kant\u00e1tika F\u00e9rfikar 206\/2019. (XII. 10.)<\/div>\n<div>4. dr. Kun L\u00e1szl\u00f3n\u00e9 168\/2020. (XII. 10.)<\/div>\n<div>5. Nagyn\u00e9 Dr. Csoboly\u00f3 Eszter 174\/2023. (XII. 12.)<\/div>\n<\/div>\n","protected":false},"excerpt":{"rendered":"<div class=\"mh-excerpt\"><p>D\u00edszpolg\u00e1ri c\u00edmek: 1. Fon\u00f3di S\u00e1ndor 11\/1994. (VII. 28.) 2. V\u00e1gi L\u00e1szl\u00f3 193\/1996. (VI. 04.) 3. Kom\u00e1romi Istv\u00e1n 74\/2010. (IV. 15.) 4. Farag\u00f3 K\u00e1roly 162\/2013. (X. 15.) 5. K\u00f6n\u00f6zsi L\u00e1szl\u00f3 79\/2014. (V. 29.) 6. Kleineisel Gy\u00f6rgy <a class=\"mh-excerpt-more\" href=\"https:\/\/dunavarsany.hu\/index.php\/polgarmesteri-koszonto\/akikre-buszkek-vagyunk\/\" title=\"Kit\u00fcntetettjeink\">[&#8230;]<\/a><\/p>\n<\/div>","protected":false},"author":3,"featured_media":0,"parent":5372,"menu_order":0,"comment_status":"closed","ping_status":"closed","template":"","meta":{"footnotes":""},"class_list":["post-13773","page","type-page","status-publish"],"_links":{"self":[{"href":"https:\/\/dunavarsany.hu\/index.php\/wp-json\/wp\/v2\/pages\/13773","targetHints":{"allow":["GET"]}}],"collection":[{"href":"https:\/\/dunavarsany.hu\/index.php\/wp-json\/wp\/v2\/pages"}],"about":[{"href":"https:\/\/dunavarsany.hu\/index.php\/wp-json\/wp\/v2\/types\/page"}],"author":[{"embeddable":true,"href":"https:\/\/dunavarsany.hu\/index.php\/wp-json\/wp\/v2\/users\/3"}],"replies":[{"embeddable":true,"href":"https:\/\/dunavarsany.hu\/index.php\/wp-json\/wp\/v2\/comments?post=13773"}],"version-history":[{"count":2,"href":"https:\/\/dunavarsany.hu\/index.php\/wp-json\/wp\/v2\/pages\/13773\/revisions"}],"predecessor-version":[{"id":13776,"href":"https:\/\/dunavarsany.hu\/index.php\/wp-json\/wp\/v2\/pages\/13773\/revisions\/13776"}],"up":[{"embeddable":true,"href":"https:\/\/dunavarsany.hu\/index.php\/wp-json\/wp\/v2\/pages\/5372"}],"wp:attachment":[{"href":"https:\/\/dunavarsany.hu\/index.php\/wp-json\/wp\/v2\/media?parent=13773"}],"curies":[{"name":"wp","href":"https:\/\/api.w.org\/{rel}","templated":true}]}}