{"id":13099,"date":"2024-11-12T18:24:37","date_gmt":"2024-11-12T18:24:37","guid":{"rendered":"https:\/\/dunavarsany.hu\/?page_id=13099"},"modified":"2024-11-12T18:24:37","modified_gmt":"2024-11-12T18:24:37","slug":"penzugyi-fejlesztesi-es-ugyrendi-bizottsag","status":"publish","type":"page","link":"https:\/\/dunavarsany.hu\/index.php\/penzugyi-fejlesztesi-es-ugyrendi-bizottsag\/","title":{"rendered":"P\u00e9nz\u00fcgyi, Fejleszt\u00e9si- \u00e9s \u00dcgyrendi Bizotts\u00e1g"},"content":{"rendered":"<p>Eln\u00f6k &#8211; Nagyn\u00e9 Dr. Csoboly\u00f3 Eszter<\/p>\n<p>Eln\u00f6khelyettes &#8211; Zentai Krist\u00f3f<\/p>\n<p>Tagok:<\/p>\n<p>V\u00e1l\u00f3czi Attila, Sz\u0171cs Attila \u00e9s Kov\u00e1cs Tam\u00e1s<\/p>\n","protected":false},"excerpt":{"rendered":"<div class=\"mh-excerpt\"><p>Eln\u00f6k &#8211; Nagyn\u00e9 Dr. Csoboly\u00f3 Eszter Eln\u00f6khelyettes &#8211; Zentai Krist\u00f3f Tagok: V\u00e1l\u00f3czi Attila, Sz\u0171cs Attila \u00e9s Kov\u00e1cs Tam\u00e1s<\/p>\n<\/div>","protected":false},"author":3,"featured_media":0,"parent":0,"menu_order":0,"comment_status":"closed","ping_status":"closed","template":"","meta":{"footnotes":""},"class_list":["post-13099","page","type-page","status-publish"],"_links":{"self":[{"href":"https:\/\/dunavarsany.hu\/index.php\/wp-json\/wp\/v2\/pages\/13099","targetHints":{"allow":["GET"]}}],"collection":[{"href":"https:\/\/dunavarsany.hu\/index.php\/wp-json\/wp\/v2\/pages"}],"about":[{"href":"https:\/\/dunavarsany.hu\/index.php\/wp-json\/wp\/v2\/types\/page"}],"author":[{"embeddable":true,"href":"https:\/\/dunavarsany.hu\/index.php\/wp-json\/wp\/v2\/users\/3"}],"replies":[{"embeddable":true,"href":"https:\/\/dunavarsany.hu\/index.php\/wp-json\/wp\/v2\/comments?post=13099"}],"version-history":[{"count":1,"href":"https:\/\/dunavarsany.hu\/index.php\/wp-json\/wp\/v2\/pages\/13099\/revisions"}],"predecessor-version":[{"id":13100,"href":"https:\/\/dunavarsany.hu\/index.php\/wp-json\/wp\/v2\/pages\/13099\/revisions\/13100"}],"wp:attachment":[{"href":"https:\/\/dunavarsany.hu\/index.php\/wp-json\/wp\/v2\/media?parent=13099"}],"curies":[{"name":"wp","href":"https:\/\/api.w.org\/{rel}","templated":true}]}}